{"id":744,"date":"2021-12-15T16:44:33","date_gmt":"2021-12-15T15:44:33","guid":{"rendered":"https:\/\/en-classe.festivaldemarseille.com\/?page_id=744"},"modified":"2022-04-27T12:35:06","modified_gmt":"2022-04-27T10:35:06","slug":"clin-doeil","status":"publish","type":"page","link":"https:\/\/en-classe.festivaldemarseille.com\/index.php\/clin-doeil\/","title":{"rendered":"Clin d\u2019\u0153il"},"content":{"rendered":"<p>[et_pb_section fb_built=\u00a0\u00bb1&Prime; admin_label=\u00a0\u00bbsection\u00a0\u00bb _builder_version=\u00a0\u00bb4.14.4&Prime; global_colors_info=\u00a0\u00bb{}\u00a0\u00bb][et_pb_row _builder_version=\u00a0\u00bb4.14.4&Prime; _module_preset=\u00a0\u00bbdefault\u00a0\u00bb custom_margin=\u00a0\u00bb-90px||||false|false\u00a0\u00bb global_colors_info=\u00a0\u00bb{}\u00a0\u00bb][et_pb_column type=\u00a0\u00bb4_4&Prime; _builder_version=\u00a0\u00bb4.14.4&Prime; _module_preset=\u00a0\u00bbdefault\u00a0\u00bb global_colors_info=\u00a0\u00bb{}\u00a0\u00bb][et_pb_text _builder_version=\u00a0\u00bb4.14.4&Prime; _module_preset=\u00a0\u00bbdefault\u00a0\u00bb text_text_color=\u00a0\u00bb#000000&Prime; background_color=\u00a0\u00bbgcid-67c005a5-dc6b-4d8c-bc0d-ae4a0dfa4dd9&Prime; custom_margin=\u00a0\u00bb52px||||false|false\u00a0\u00bb custom_padding=\u00a0\u00bb|||6px|false|false\u00a0\u00bb border_width_all=\u00a0\u00bb2px\u00a0\u00bb global_colors_info=\u00a0\u00bb{%22gcid-67c005a5-dc6b-4d8c-bc0d-ae4a0dfa4dd9%22:%91%22background_color%22%93}\u00a0\u00bb]<\/p>\n<h1 style=\"text-align: center;\">Clin d&rsquo;\u0153il<\/h1>\n<p>[\/et_pb_text][\/et_pb_column][\/et_pb_row][et_pb_row column_structure=\u00a0\u00bb2_5,3_5&Prime; _builder_version=\u00a0\u00bb4.14.4&Prime; _module_preset=\u00a0\u00bbdefault\u00a0\u00bb custom_margin=\u00a0\u00bb-20px||||false|false\u00a0\u00bb global_colors_info=\u00a0\u00bb{}\u00a0\u00bb][et_pb_column type=\u00a0\u00bb2_5&Prime; _builder_version=\u00a0\u00bb4.14.4&Prime; _module_preset=\u00a0\u00bbdefault\u00a0\u00bb global_colors_info=\u00a0\u00bb{}\u00a0\u00bb][et_pb_text _builder_version=\u00a0\u00bb4.14.4&Prime; _module_preset=\u00a0\u00bbdefault\u00a0\u00bb text_text_color=\u00a0\u00bb#000000&Prime; global_colors_info=\u00a0\u00bb{}\u00a0\u00bb]<\/p>\n<div class=\"single-document__titles\">\n<h1 class=\"document-title\">\u00a0 \u00a0 \u00a0 \u00a0 \u00a0 \u00a0 \u00a0 \u00a0VOTRE CLASSE AU FESTIVAL<\/h1>\n<\/div>\n<div class=\"single-document__summary text-summary\">\n<p style=\"text-align: justify;\">Danse, musique, th\u00e9\u00e2tre, cin\u00e9ma, ateliers, rencontres avec les artistes&#8230; L&rsquo;\u00e9dition 2022 se d\u00e9roulera du 16 juin au 10 juillet.<\/p>\n<p style=\"text-align: justify;\"><strong>Emmenez votre classe au Festival ! <\/strong><b style=\"font-size: 15px; caret-color: #000000;\">Vous aussi, partagez cette exp\u00e9rience avec vos \u00e9l\u00e8ves !\u00a0<\/b><\/p>\n<p><b style=\"font-size: 15px; caret-color: #000000;\"><\/b><\/p>\n<\/div>\n<div class=\"text-content\">\n<div style=\"caret-color: #000000; color: #000000;\">\n<p style=\"text-align: justify;\"><strong>Le parcours \u00ab\u00a0Clin d\u2019\u0153il\u00a0\u00bb<\/strong> a pour objectif de faire d\u00e9couvrir aux \u00e9l\u00e8ves les arts de la sc\u00e8ne, le monde de la danse et du spectacle vivant. Il s\u2019organise de la mani\u00e8re suivante :<\/p>\n<ul>\n<li>Une\u00a0<strong>s\u00e9ance de m\u00e9diation<\/strong>\u00a0en classe avec un membre du Festival,<\/li>\n<li>Une\u00a0<strong>sortie au spectacle<\/strong>\u00a0au mois de juin pendant le Festival.<\/li>\n<\/ul>\n<p>&nbsp;<\/p>\n<p><strong>Tarifs :\u00a0<\/strong><\/p>\n<p>&#8211; La s\u00e9ance de m\u00e9diation est prise en charge par le Festival,<strong><\/strong><\/p>\n<p style=\"text-align: justify;\">&#8211; Les places de spectacles vont de 5 \u00e0 10 \u20ac par \u00e9l\u00e8ve. Il y a \u00e9galement possibilit\u00e9 de b\u00e9n\u00e9ficier de places \u00e0 1\u20ac via la Charte Culture, le dispositif de billetterie solidaire du Festival.<\/p>\n<p><strong><\/strong><\/p>\n<\/div>\n<\/div>\n<p><strong>\u00a0<\/strong><\/p>\n<p>&nbsp;<\/p>\n<p>[\/et_pb_text][\/et_pb_column][et_pb_column type=\u00a0\u00bb3_5&Prime; _builder_version=\u00a0\u00bb4.14.4&Prime; _module_preset=\u00a0\u00bbdefault\u00a0\u00bb global_colors_info=\u00a0\u00bb{}\u00a0\u00bb][et_pb_gallery gallery_ids=\u00a0\u00bb1378,1377,1507,1317&Prime; _builder_version=\u00a0\u00bb4.14.4&Prime; _module_preset=\u00a0\u00bbdefault\u00a0\u00bb background_layout=\u00a0\u00bbdark\u00a0\u00bb global_colors_info=\u00a0\u00bb{}\u00a0\u00bb][\/et_pb_gallery][\/et_pb_column][\/et_pb_row][et_pb_row _builder_version=\u00a0\u00bb4.14.4&Prime; _module_preset=\u00a0\u00bbdefault\u00a0\u00bb global_colors_info=\u00a0\u00bb{}\u00a0\u00bb][et_pb_column type=\u00a0\u00bb4_4&Prime; _builder_version=\u00a0\u00bb4.14.4&Prime; _module_preset=\u00a0\u00bbdefault\u00a0\u00bb global_colors_info=\u00a0\u00bb{}\u00a0\u00bb][et_pb_text _builder_version=\u00a0\u00bb4.14.4&Prime; _module_preset=\u00a0\u00bbdefault\u00a0\u00bb max_height=\u00a0\u00bb1000px\u00a0\u00bb custom_margin=\u00a0\u00bb-78px||||false|false\u00a0\u00bb global_colors_info=\u00a0\u00bb{}\u00a0\u00bb]<\/p>\n<p style=\"text-align: justify;\"><em>La liste des \u00e9tablissements d\u00e9j\u00e0 inscrits cette ann\u00e9e : le Lyc\u00e9e Joliot-Curie (Aubagnes, 2nde), l&rsquo;\u00e9cole Saint-Louis Campagne L\u00e9v\u00eaque (15e, 2 classes de CM2), l&rsquo;\u00e9cole Parette Mazenode (11e, CM1\/CM2), l&rsquo;\u00e9cole Hozier (2e, CM2), l&rsquo;\u00e9cole Kl\u00e9ber (3e,\u00a0 1 classe de CM1\/CM2 et 1 classe de CE1), l&rsquo;\u00e9cole la Cabucelle (15e, 1 classe de CM2 et 1 de CE2\/CM1), l&rsquo;\u00e9cole De Ruffi (2e, 3 classes de CE2 et 1 de CP\/CE1), l&rsquo;\u00e9cole Fran\u00e7ois Moisson (2e, CM2), l&rsquo;\u00e9cole de la Viste-Bousquet (15e, CM1), l&rsquo;\u00e9cole Guadeloupe (6e, CE1), l&rsquo;\u00e9cole Sainte-Marguerite (9e, CP), l&rsquo;\u00e9cole Estaque-Gare (16e, 2 classes de CM2 et 1 de CM1), l&rsquo;\u00e9cole Saint Charles 2 (3e, CE1) et l&rsquo;\u00e9cole Cours Julien (6e, CM1).<\/em><\/p>\n<p>[\/et_pb_text][\/et_pb_column][\/et_pb_row][et_pb_row _builder_version=\u00a0\u00bb4.14.4&Prime; _module_preset=\u00a0\u00bbdefault\u00a0\u00bb global_colors_info=\u00a0\u00bb{}\u00a0\u00bb][et_pb_column type=\u00a0\u00bb4_4&Prime; _builder_version=\u00a0\u00bb4.14.4&Prime; _module_preset=\u00a0\u00bbdefault\u00a0\u00bb global_colors_info=\u00a0\u00bb{}\u00a0\u00bb][et_pb_text _builder_version=\u00a0\u00bb4.14.4&Prime; _module_preset=\u00a0\u00bbdefault\u00a0\u00bb text_text_color=\u00a0\u00bb#000000&Prime; text_font_size=\u00a0\u00bb19px\u00a0\u00bb background_color=\u00a0\u00bbgcid-67c005a5-dc6b-4d8c-bc0d-ae4a0dfa4dd9&Prime; custom_margin=\u00a0\u00bb-42px||||false|false\u00a0\u00bb custom_padding=\u00a0\u00bb0px|||3px|false|false\u00a0\u00bb border_width_all=\u00a0\u00bb3px\u00a0\u00bb border_style_all=\u00a0\u00bbdotted\u00a0\u00bb global_colors_info=\u00a0\u00bb{%22gcid-67c005a5-dc6b-4d8c-bc0d-ae4a0dfa4dd9%22:%91%22background_color%22%93}\u00a0\u00bb]<\/p>\n<p style=\"text-align: center;\"><strong>Informations et inscriptions :\u00a0<\/strong><span style=\"font-size: 9px;\"><span style=\"caret-color: #000000; color: #000000; font-family: Roboto, Arial, sans-serif; letter-spacing: 0.6240000128746033px;\">\u00a0<\/span><a href=\"mailto:rp5@festivaldemarseille.com\" style=\"font-size: 16px; margin: 0px; padding: 0px; border: 0px; font-family: Roboto, Arial, sans-serif; font-stretch: inherit; line-height: inherit; vertical-align: baseline; background-color: transparent; letter-spacing: 0.6240000128746033px;\">rp5(at)festivaldemarseille.com <\/a><\/span>\/04 91 99 00 28<\/p>\n<p>[\/et_pb_text][\/et_pb_column][\/et_pb_row][\/et_pb_section]<\/p>\n","protected":false},"excerpt":{"rendered":"<p>Clin d&rsquo;\u0153il \u00a0 \u00a0 \u00a0 \u00a0 \u00a0 \u00a0 \u00a0 \u00a0VOTRE CLASSE AU FESTIVAL Danse, musique, th\u00e9\u00e2tre, cin\u00e9ma, ateliers, rencontres avec les artistes&#8230; L&rsquo;\u00e9dition 2022 se d\u00e9roulera du 16 juin au 10 juillet. Emmenez votre classe au Festival ! Vous aussi, partagez cette exp\u00e9rience avec vos \u00e9l\u00e8ves !\u00a0 Le parcours \u00ab\u00a0Clin d\u2019\u0153il\u00a0\u00bb a pour objectif de [&hellip;]<\/p>\n","protected":false},"author":1,"featured_media":0,"parent":0,"menu_order":0,"comment_status":"closed","ping_status":"closed","template":"","meta":{"_et_pb_use_builder":"on","_et_pb_old_content":"","_et_gb_content_width":"","jetpack_post_was_ever_published":false,"footnotes":""},"class_list":["post-744","page","type-page","status-publish","hentry"],"jetpack_sharing_enabled":true,"_links":{"self":[{"href":"https:\/\/en-classe.festivaldemarseille.com\/index.php\/wp-json\/wp\/v2\/pages\/744","targetHints":{"allow":["GET"]}}],"collection":[{"href":"https:\/\/en-classe.festivaldemarseille.com\/index.php\/wp-json\/wp\/v2\/pages"}],"about":[{"href":"https:\/\/en-classe.festivaldemarseille.com\/index.php\/wp-json\/wp\/v2\/types\/page"}],"author":[{"embeddable":true,"href":"https:\/\/en-classe.festivaldemarseille.com\/index.php\/wp-json\/wp\/v2\/users\/1"}],"replies":[{"embeddable":true,"href":"https:\/\/en-classe.festivaldemarseille.com\/index.php\/wp-json\/wp\/v2\/comments?post=744"}],"version-history":[{"count":17,"href":"https:\/\/en-classe.festivaldemarseille.com\/index.php\/wp-json\/wp\/v2\/pages\/744\/revisions"}],"predecessor-version":[{"id":1727,"href":"https:\/\/en-classe.festivaldemarseille.com\/index.php\/wp-json\/wp\/v2\/pages\/744\/revisions\/1727"}],"wp:attachment":[{"href":"https:\/\/en-classe.festivaldemarseille.com\/index.php\/wp-json\/wp\/v2\/media?parent=744"}],"curies":[{"name":"wp","href":"https:\/\/api.w.org\/{rel}","templated":true}]}}

Clin d’œil

<p>[et_pb_section fb_built= »1&Prime; admin_label= »section » _builder_version= »4.14.4&Prime; global_colors_info= »{} »][et_pb_row _builder_version= »4.14.4&Prime; _module_preset= »default » custom_margin= »-90px||||false|false » global_colors_info= »{} »][et_pb_column type= »4_4&Prime; _builder_version= »4.14.4&Prime; _module_preset= »default » global_colors_info= »{} »][et_pb_text _builder_version= »4.14.4&Prime; _module_preset= »default » text_text_color= »#000000&Prime; background_color= »gcid-67c005a5-dc6b-4d8c-bc0d-ae4a0dfa4dd9&Prime; custom_margin= »52px||||false|false » custom_padding= »|||6px|false|false » border_width_all= »2px » global_colors_info= »{%22gcid-67c005a5-dc6b-4d8c-bc0d-ae4a0dfa4dd9%22:%91%22background_color%22%93} »]</p>
<h1 style="text-align: center;">Clin d&rsquo;œil</h1>
<p>[/et_pb_text][/et_pb_column][/et_pb_row][et_pb_row column_structure= »2_5,3_5&Prime; _builder_version= »4.14.4&Prime; _module_preset= »default » custom_margin= »-20px||||false|false » global_colors_info= »{} »][et_pb_column type= »2_5&Prime; _builder_version= »4.14.4&Prime; _module_preset= »default » global_colors_info= »{} »][et_pb_text _builder_version= »4.14.4&Prime; _module_preset= »default » text_text_color= »#000000&Prime; global_colors_info= »{} »]</p>
<div class="single-document__titles">
<h1 class="document-title">               VOTRE CLASSE AU FESTIVAL</h1>
</div>
<div class="single-document__summary text-summary">
<p style="text-align: justify;">Danse, musique, théâtre, cinéma, ateliers, rencontres avec les artistes&#8230; L&rsquo;édition 2022 se déroulera du 16 juin au 10 juillet.</p>
<p style="text-align: justify;"><strong>Emmenez votre classe au Festival ! </strong><b style="font-size: 15px; caret-color: #000000;">Vous aussi, partagez cette expérience avec vos élèves ! </b></p>
<p><b style="font-size: 15px; caret-color: #000000;"></b></p>
</div>
<div class="text-content">
<div style="caret-color: #000000; color: #000000;">
<p style="text-align: justify;"><strong>Le parcours « Clin d’œil »</strong> a pour objectif de faire découvrir aux élèves les arts de la scène, le monde de la danse et du spectacle vivant. Il s’organise de la manière suivante :</p>
<ul>
<li>Une <strong>séance de médiation</strong> en classe avec un membre du Festival,</li>
<li>Une <strong>sortie au spectacle</strong> au mois de juin pendant le Festival.</li>
</ul>
<p>&nbsp;</p>
<p><strong>Tarifs : </strong></p>
<p>&#8211; La séance de médiation est prise en charge par le Festival,<strong></strong></p>
<p style="text-align: justify;">&#8211; Les places de spectacles vont de 5 à 10 € par élève. Il y a également possibilité de bénéficier de places à 1€ via la Charte Culture, le dispositif de billetterie solidaire du Festival.</p>
<p><strong></strong></p>
</div>
</div>
<p><strong> </strong></p>
<p>&nbsp;</p>
<p>[/et_pb_text][/et_pb_column][et_pb_column type= »3_5&Prime; _builder_version= »4.14.4&Prime; _module_preset= »default » global_colors_info= »{} »][et_pb_gallery gallery_ids= »1378,1377,1507,1317&Prime; _builder_version= »4.14.4&Prime; _module_preset= »default » background_layout= »dark » global_colors_info= »{} »][/et_pb_gallery][/et_pb_column][/et_pb_row][et_pb_row _builder_version= »4.14.4&Prime; _module_preset= »default » global_colors_info= »{} »][et_pb_column type= »4_4&Prime; _builder_version= »4.14.4&Prime; _module_preset= »default » global_colors_info= »{} »][et_pb_text _builder_version= »4.14.4&Prime; _module_preset= »default » max_height= »1000px » custom_margin= »-78px||||false|false » global_colors_info= »{} »]</p>
<p style="text-align: justify;"><em>La liste des établissements déjà inscrits cette année : le Lycée Joliot-Curie (Aubagnes, 2nde), l&rsquo;école Saint-Louis Campagne Lévêque (15e, 2 classes de CM2), l&rsquo;école Parette Mazenode (11e, CM1/CM2), l&rsquo;école Hozier (2e, CM2), l&rsquo;école Kléber (3e,  1 classe de CM1/CM2 et 1 classe de CE1), l&rsquo;école la Cabucelle (15e, 1 classe de CM2 et 1 de CE2/CM1), l&rsquo;école De Ruffi (2e, 3 classes de CE2 et 1 de CP/CE1), l&rsquo;école François Moisson (2e, CM2), l&rsquo;école de la Viste-Bousquet (15e, CM1), l&rsquo;école Guadeloupe (6e, CE1), l&rsquo;école Sainte-Marguerite (9e, CP), l&rsquo;école Estaque-Gare (16e, 2 classes de CM2 et 1 de CM1), l&rsquo;école Saint Charles 2 (3e, CE1) et l&rsquo;école Cours Julien (6e, CM1).</em></p>
<p>[/et_pb_text][/et_pb_column][/et_pb_row][et_pb_row _builder_version= »4.14.4&Prime; _module_preset= »default » global_colors_info= »{} »][et_pb_column type= »4_4&Prime; _builder_version= »4.14.4&Prime; _module_preset= »default » global_colors_info= »{} »][et_pb_text _builder_version= »4.14.4&Prime; _module_preset= »default » text_text_color= »#000000&Prime; text_font_size= »19px » background_color= »gcid-67c005a5-dc6b-4d8c-bc0d-ae4a0dfa4dd9&Prime; custom_margin= »-42px||||false|false » custom_padding= »0px|||3px|false|false » border_width_all= »3px » border_style_all= »dotted » global_colors_info= »{%22gcid-67c005a5-dc6b-4d8c-bc0d-ae4a0dfa4dd9%22:%91%22background_color%22%93} »]</p>
<p style="text-align: center;"><strong>Informations et inscriptions : </strong><span style="font-size: 9px;"><span style="caret-color: #000000; color: #000000; font-family: Roboto, Arial, sans-serif; letter-spacing: 0.6240000128746033px;"> </span><a href="mailto:rp5@festivaldemarseille.com" style="font-size: 16px; margin: 0px; padding: 0px; border: 0px; font-family: Roboto, Arial, sans-serif; font-stretch: inherit; line-height: inherit; vertical-align: baseline; background-color: transparent; letter-spacing: 0.6240000128746033px;">rp5(at)festivaldemarseille.com </a></span>/04 91 99 00 28</p>
<p>[/et_pb_text][/et_pb_column][/et_pb_row][/et_pb_section]</p>

<p>Clin d&rsquo;œil                VOTRE CLASSE AU FESTIVAL Danse, musique, théâtre, cinéma, ateliers, rencontres avec les artistes&#8230; L&rsquo;édition 2022 se déroulera du 16 juin au 10 juillet. Emmenez votre classe au Festival ! Vous aussi, partagez cette expérience avec vos élèves !  Le parcours « Clin d’œil » a pour objectif de [&hellip;]</p>
