{"id":7,"date":"2021-03-08T13:08:17","date_gmt":"2021-03-08T12:08:17","guid":{"rendered":"http:\/\/en-classe.festivaldemarseille.com\/?page_id=7"},"modified":"2024-12-04T15:45:11","modified_gmt":"2024-12-04T14:45:11","slug":"contact","status":"publish","type":"page","link":"https:\/\/en-classe.festivaldemarseille.com\/index.php\/contact\/","title":{"rendered":"Contact"},"content":{"rendered":"[et_pb_section fb_built=\u00a0\u00bb1&Prime; admin_label=\u00a0\u00bbsection\u00a0\u00bb _builder_version=\u00a0\u00bb3.22&Prime; global_colors_info=\u00a0\u00bb{}\u00a0\u00bb][et_pb_row admin_label=\u00a0\u00bbrow\u00a0\u00bb _builder_version=\u00a0\u00bb4.14.4&Prime; background_size=\u00a0\u00bbinitial\u00a0\u00bb background_position=\u00a0\u00bbtop_left\u00a0\u00bb background_repeat=\u00a0\u00bbrepeat\u00a0\u00bb global_colors_info=\u00a0\u00bb{}\u00a0\u00bb][et_pb_column type=\u00a0\u00bb4_4&Prime; _builder_version=\u00a0\u00bb3.25&Prime; custom_padding=\u00a0\u00bb|||\u00a0\u00bb global_colors_info=\u00a0\u00bb{}\u00a0\u00bb custom_padding__hover=\u00a0\u00bb|||\u00a0\u00bb][et_pb_text admin_label=\u00a0\u00bbText\u00a0\u00bb _builder_version=\u00a0\u00bb4.14.4&Prime; background_size=\u00a0\u00bbinitial\u00a0\u00bb background_position=\u00a0\u00bbtop_left\u00a0\u00bb background_repeat=\u00a0\u00bbrepeat\u00a0\u00bb custom_margin=\u00a0\u00bb-1px||||false|false\u00a0\u00bb hover_enabled=\u00a0\u00bb0&Prime; global_colors_info=\u00a0\u00bb{}\u00a0\u00bb sticky_enabled=\u00a0\u00bb0&Prime;]<p><\/p>\n<p>Vous pouvez nous contacter par e-mail et par t\u00e9l\u00e9phone aux coordonn\u00e9es suivantes\u00a0 :<\/p>\n<p><strong>Elise Baptiste-Voisin<br \/><\/strong><\/p>\n<ul>\n<li><span style=\"font-size: 15px;\">rp2(at)festivaldemarseille.com<\/span><\/li>\n<li>04 91 99 02 59<\/li>\n<li>06 59 05 91 53<\/li>\n<\/ul>\n<p><\/p>\n<p><\/p>\n<p><\/p>[\/et_pb_text][\/et_pb_column][\/et_pb_row][\/et_pb_section]","protected":false},"excerpt":{"rendered":"<p>Vous pouvez nous contacter par e-mail et par t\u00e9l\u00e9phone aux coordonn\u00e9es suivantes\u00a0 : Elise Baptiste-Voisin rp2(at)festivaldemarseille.com 04 91 99 02 59 06 59 05 91 53<\/p>\n","protected":false},"author":1,"featured_media":0,"parent":0,"menu_order":0,"comment_status":"closed","ping_status":"closed","template":"","meta":{"_et_pb_use_builder":"on","_et_pb_old_content":"<!-- wp:paragraph -->\r\n<p>E-mail : <\/p>\r\n<!-- \/wp:paragraph -->\r\n\r\n<!-- wp:list -->\r\n<ul><li>rp2(at)festivaldemarseille.com<\/li><li>rp5(at)festivaldemarseille.com <\/li><\/ul>\r\n<!-- \/wp:list -->\r\n\r\n<!-- wp:paragraph -->\r\n<p>T\u00e9l\u00e9phone<\/p>\r\n<!-- \/wp:paragraph -->\r\n\r\n<!-- wp:list -->\r\n<ul><li>+33\u00a0(0)4\u00a091\u00a099\u00a000\u00a027\u00a0<\/li><li>+33 (0)4 91 99 02 59<\/li><\/ul>\r\n<!-- \/wp:list -->","_et_gb_content_width":"","jetpack_post_was_ever_published":false,"footnotes":""},"class_list":["post-7","page","type-page","status-publish","hentry"],"jetpack_sharing_enabled":true,"_links":{"self":[{"href":"https:\/\/en-classe.festivaldemarseille.com\/index.php\/wp-json\/wp\/v2\/pages\/7","targetHints":{"allow":["GET"]}}],"collection":[{"href":"https:\/\/en-classe.festivaldemarseille.com\/index.php\/wp-json\/wp\/v2\/pages"}],"about":[{"href":"https:\/\/en-classe.festivaldemarseille.com\/index.php\/wp-json\/wp\/v2\/types\/page"}],"author":[{"embeddable":true,"href":"https:\/\/en-classe.festivaldemarseille.com\/index.php\/wp-json\/wp\/v2\/users\/1"}],"replies":[{"embeddable":true,"href":"https:\/\/en-classe.festivaldemarseille.com\/index.php\/wp-json\/wp\/v2\/comments?post=7"}],"version-history":[{"count":9,"href":"https:\/\/en-classe.festivaldemarseille.com\/index.php\/wp-json\/wp\/v2\/pages\/7\/revisions"}],"predecessor-version":[{"id":2864,"href":"https:\/\/en-classe.festivaldemarseille.com\/index.php\/wp-json\/wp\/v2\/pages\/7\/revisions\/2864"}],"wp:attachment":[{"href":"https:\/\/en-classe.festivaldemarseille.com\/index.php\/wp-json\/wp\/v2\/media?parent=7"}],"curies":[{"name":"wp","href":"https:\/\/api.w.org\/{rel}","templated":true}]}}

[et_pb_section fb_built= »1&Prime; admin_label= »section » _builder_version= »3.22&Prime; global_colors_info= »{} »][et_pb_row admin_label= »row » _builder_version= »4.14.4&Prime; background_size= »initial » background_position= »top_left » background_repeat= »repeat » global_colors_info= »{} »][et_pb_column type= »4_4&Prime; _builder_version= »3.25&Prime; custom_padding= »||| » global_colors_info= »{} » custom_padding__hover= »||| »][et_pb_text admin_label= »Text » _builder_version= »4.14.4&Prime; background_size= »initial » background_position= »top_left » background_repeat= »repeat » custom_margin= »-1px||||false|false » hover_enabled= »0&Prime; global_colors_info= »{} » sticky_enabled= »0&Prime;]<p></p>
<p>Vous pouvez nous contacter par e-mail et par téléphone aux coordonnées suivantes  :</p>
<p><strong>Elise Baptiste-Voisin<br /></strong></p>
<ul>
<li><span style="font-size: 15px;">rp2(at)festivaldemarseille.com</span></li>
<li>04 91 99 02 59</li>
<li>06 59 05 91 53</li>
</ul>
<p></p>
<p></p>
<p></p>[/et_pb_text][/et_pb_column][/et_pb_row][/et_pb_section]

<p>Vous pouvez nous contacter par e-mail et par téléphone aux coordonnées suivantes  : Elise Baptiste-Voisin rp2(at)festivaldemarseille.com 04 91 99 02 59 06 59 05 91 53</p>

<!-- wp:paragraph -->
<p>E-mail : </p>
<!-- /wp:paragraph -->

<!-- wp:list -->
<ul><li>rp2(at)festivaldemarseille.com</li><li>rp5(at)festivaldemarseille.com </li></ul>
<!-- /wp:list -->

<!-- wp:paragraph -->
<p>Téléphone</p>
<!-- /wp:paragraph -->

<!-- wp:list -->
<ul><li>+33 (0)4 91 99 00 27 </li><li>+33 (0)4 91 99 02 59</li></ul>
<!-- /wp:list -->
