{"id":1915,"date":"2023-02-17T09:38:46","date_gmt":"2023-02-17T08:38:46","guid":{"rendered":"https:\/\/en-classe.festivaldemarseille.com\/?page_id=1915"},"modified":"2023-04-21T11:47:12","modified_gmt":"2023-04-21T09:47:12","slug":"clin-doeil-2","status":"publish","type":"page","link":"https:\/\/en-classe.festivaldemarseille.com\/index.php\/clin-doeil-2\/","title":{"rendered":"clin d&rsquo;oeil 2023"},"content":{"rendered":"<p>[et_pb_section fb_built=\u00a0\u00bb1&Prime; admin_label=\u00a0\u00bbsection\u00a0\u00bb _builder_version=\u00a0\u00bb4.14.4&Prime; hover_enabled=\u00a0\u00bb0&Prime; global_colors_info=\u00a0\u00bb{}\u00a0\u00bb sticky_enabled=\u00a0\u00bb0&Prime;][et_pb_row _builder_version=\u00a0\u00bb4.14.4&Prime; _module_preset=\u00a0\u00bbdefault\u00a0\u00bb custom_margin=\u00a0\u00bb-90px||||false|false\u00a0\u00bb global_colors_info=\u00a0\u00bb{}\u00a0\u00bb][et_pb_column type=\u00a0\u00bb4_4&Prime; _builder_version=\u00a0\u00bb4.14.4&Prime; _module_preset=\u00a0\u00bbdefault\u00a0\u00bb global_colors_info=\u00a0\u00bb{}\u00a0\u00bb][et_pb_text _builder_version=\u00a0\u00bb4.14.4&Prime; _module_preset=\u00a0\u00bbdefault\u00a0\u00bb text_text_color=\u00a0\u00bb#000000&Prime; background_color=\u00a0\u00bbgcid-67c005a5-dc6b-4d8c-bc0d-ae4a0dfa4dd9&Prime; custom_margin=\u00a0\u00bb90px||||false|false\u00a0\u00bb custom_padding=\u00a0\u00bb|||6px|false|false\u00a0\u00bb hover_enabled=\u00a0\u00bb0&Prime; border_width_all=\u00a0\u00bb2px\u00a0\u00bb global_colors_info=\u00a0\u00bb{%22gcid-67c005a5-dc6b-4d8c-bc0d-ae4a0dfa4dd9%22:%91%22background_color%22%93}\u00a0\u00bb sticky_enabled=\u00a0\u00bb0&Prime;]<\/p>\n<h1 style=\"text-align: center;\">CLIN D&rsquo;OEIL<\/h1>\n<p>[\/et_pb_text][\/et_pb_column][\/et_pb_row][et_pb_row column_structure=\u00a0\u00bb2_5,3_5&Prime; _builder_version=\u00a0\u00bb4.14.4&Prime; _module_preset=\u00a0\u00bbdefault\u00a0\u00bb custom_margin=\u00a0\u00bb16px||||false|false\u00a0\u00bb hover_enabled=\u00a0\u00bb0&Prime; global_colors_info=\u00a0\u00bb{}\u00a0\u00bb sticky_enabled=\u00a0\u00bb0&Prime;][et_pb_column type=\u00a0\u00bb2_5&Prime; _builder_version=\u00a0\u00bb4.14.4&Prime; _module_preset=\u00a0\u00bbdefault\u00a0\u00bb global_colors_info=\u00a0\u00bb{}\u00a0\u00bb][et_pb_text _builder_version=\u00a0\u00bb4.14.4&Prime; _module_preset=\u00a0\u00bbdefault\u00a0\u00bb text_text_color=\u00a0\u00bb#000000&Prime; inline_fonts=\u00a0\u00bbBarlow,Andika New Basic,Bellefair,Charmonman,Abhaya Libre\u00a0\u00bb global_colors_info=\u00a0\u00bb{}\u00a0\u00bb]<\/p>\n<div class=\"single-document__titles\">\n<h1 class=\"document-title\" style=\"text-align: right;\"><span style=\"font-family: inherit; font-weight: normal;\"><span style=\"color: #000000;\">LE FESTIVAL S&rsquo;INVITE DANS VOTRE CLASSE<\/span>\u00a0<\/span><\/h1>\n<\/div>\n<div class=\"single-document__summary text-summary\">\n<p style=\"text-align: justify;\"><span style=\"font-family: Barlow; font-weight: normal;\"><\/span><\/p>\n<blockquote>\n<p style=\"text-align: justify;\"><span style=\"font-family: inherit; font-weight: normal;\">Durant trois semaines, du <strong>16 juin au 09 juillet 2023, <\/strong>la programmation de la 28\u00e8me \u00e9dition du festival de Marseille, ce sera ; <span style=\"font-size: 15px;\">de la <span style=\"font-size: large;\">danse<\/span>, de la<span style=\"font-size: large;\"> musique<\/span>, du <span style=\"font-size: large;\">th\u00e9\u00e2tre<\/span>, des <span style=\"font-size: large;\">rencontres<\/span>, du <span style=\"font-size: large;\">cin\u00e9ma<\/span>, des <span style=\"font-size: large;\">ateliers avec vous<\/span>, des <span style=\"font-size: large;\">performances<\/span>.\u00a0 \u00a0<\/span><\/span><\/p>\n<\/blockquote>\n<p style=\"text-align: justify;\"><span style=\"font-family: inherit; font-weight: normal;\"><strong>Cette ann\u00e9e encore, nous vous invitons \u00e0 vous joindre \u00e0 nous pour c\u00e9l\u00e9brer les arts et la culture gr\u00e2ce au parcours <span style=\"color: #ff653a;\">CLIN D&rsquo;OEIL<\/span><\/strong><\/span><\/p>\n<p><span style=\"font-family: inherit; font-weight: normal;\"><b style=\"font-size: 15px; caret-color: #000000;\"><\/b><\/span><\/p>\n<\/div>\n<div class=\"text-content\">\n<div style=\"caret-color: #000000; color: #000000;\">\n<p style=\"text-align: justify;\"><span style=\"font-family: inherit; font-weight: normal;\"><strong style=\"font-size: 15px;\">&gt; CLIN D&rsquo;OEIL,<\/strong><span style=\"font-size: 15px;\"> qu&rsquo;est ce que c&rsquo;est ?<\/span><\/span><\/p>\n<ul>\n<li><span style=\"font-family: inherit; font-weight: normal;\">Une\u00a0<strong>s\u00e9ance de m\u00e9diation<\/strong> en classe pour comprendre, apprendre, s&rsquo;approprier l&rsquo;univers de la danse et des arts de la sc\u00e8ne. Des activit\u00e9s sont pr\u00e9vues et encadr\u00e9es pour tous les niveaux.\u00a0<\/span><\/li>\n<li><span style=\"font-family: inherit; font-weight: normal;\">Une\u00a0<strong>sortie au spectacle<\/strong> pendant la dur\u00e9e du festival, pour voir ce que \u00e7a donne, en vrai, le spectacle vivant.\u00a0<\/span><\/li>\n<\/ul>\n<p><span style=\"font-family: inherit; font-weight: normal;\">\u00a0<\/span><\/p>\n<p><span style=\"font-family: inherit; font-weight: normal;\"><strong>TARIFS :\u00a0<\/strong><\/span><\/p>\n<p><span style=\"font-family: inherit; font-weight: normal;\">&#8211; La s\u00e9ance de m\u00e9diation est enti\u00e8rement prise en charge par le Festival<strong><\/strong><\/span><\/p>\n<p style=\"text-align: justify;\"><span style=\"font-family: inherit; font-weight: normal;\">&#8211; Les places de spectacles co\u00fbtent entre <strong>5 et 10 \u20ac<\/strong> par \u00e9l\u00e8ve. Il y a \u00e9galement possibilit\u00e9 de b\u00e9n\u00e9ficier de places \u00e0 <strong><span style=\"font-weight: normal;\">1\u20ac via la Charte Culture<\/span> .\u00a0<\/strong><\/span><\/p>\n<p><em><span style=\"font-family: Chivo; font-weight: normal;\"><strong><\/strong><\/span><\/em><\/p>\n<\/div>\n<\/div>\n<p><em><span style=\"font-family: Chivo; font-weight: normal;\"><strong>\u00a0<\/strong><\/span><\/em><\/p>\n<p>&nbsp;<\/p>\n<p>[\/et_pb_text][\/et_pb_column][et_pb_column type=\u00a0\u00bb3_5&Prime; _builder_version=\u00a0\u00bb4.14.4&Prime; _module_preset=\u00a0\u00bbdefault\u00a0\u00bb global_colors_info=\u00a0\u00bb{}\u00a0\u00bb][et_pb_gallery gallery_ids=\u00a0\u00bb1378,1377,1507,1317&Prime; _builder_version=\u00a0\u00bb4.14.4&Prime; _module_preset=\u00a0\u00bbdefault\u00a0\u00bb background_layout=\u00a0\u00bbdark\u00a0\u00bb global_colors_info=\u00a0\u00bb{}\u00a0\u00bb][\/et_pb_gallery][\/et_pb_column][\/et_pb_row][et_pb_row _builder_version=\u00a0\u00bb4.14.4&Prime; _module_preset=\u00a0\u00bbdefault\u00a0\u00bb global_colors_info=\u00a0\u00bb{}\u00a0\u00bb][et_pb_column type=\u00a0\u00bb4_4&Prime; _builder_version=\u00a0\u00bb4.14.4&Prime; _module_preset=\u00a0\u00bbdefault\u00a0\u00bb global_colors_info=\u00a0\u00bb{}\u00a0\u00bb][et_pb_text _builder_version=\u00a0\u00bb4.14.4&Prime; _module_preset=\u00a0\u00bbdefault\u00a0\u00bb max_height=\u00a0\u00bb1000px\u00a0\u00bb custom_margin=\u00a0\u00bb-85px||60px||false|false\u00a0\u00bb hover_enabled=\u00a0\u00bb0&Prime; global_colors_info=\u00a0\u00bb{}\u00a0\u00bb sticky_enabled=\u00a0\u00bb0&Prime;]<\/p>\n<p style=\"text-align: justify;\"><em>La liste des \u00e9tablissements d\u00e9j\u00e0 inscrits cette ann\u00e9e : \u00e9cole Hozier (CM1, 13002) , \u00e9cole Ahmed Litim (CM2, 13003), \u00e9cole Peyssonnel 1 (CM1, 13003), \u00e9cole Leverrier (CM2, 13003), \u00e9cole Chave (CM2, 13005), \u00e9cole Saint Pierre (CM1, 13005), \u00e9cole Air Bel (CM1 et CM2, 13011), \u00e9cole Cit\u00e9 Michelis (CM1, 13011), \u00e9cole Bois Lema\u00eetre (CE2 et CM2, 13012), \u00e9cole Saint Antoine Palanque (CM2, 13015), \u00e9cole Saint Louis Campagne Lev\u00eaque (CM1 et CM2, 13015), \u00e9cole Felix Pyat (CM2, 13003), \u00e9cole Saint Just Centre 1 (CM2, 13013), \u00e9cole Abb\u00e9 de l&rsquo;\u00e9p\u00e9e 5CM1, 13005), \u00e9cole Parc Kalliste (CM2, 13015), \u00e9cole Kl\u00e9ber (CM2, 13003), \u00e9cole\u00a0 Michelet Foch (CM1, 13004), \u00e9cole Notre Dame Limite les Fabrettes (CM1, 13015), \u00e9cole Saint Louis Gare (CM2, 13014), \u00e9cole Amed\u00e9e Autran (CM1, 13007), \u00e9cole Arenc Bachas Exterieur (CM1, 13015), \u00e9cole Bricarde (CM1, 13015), \u00e9cole Marie Curie (CM2, <span>\u00a0Marignane) et \u00e9cole Antoine de Ruffi (CM1, 13002).\u00a0<\/span><\/em><\/p>\n<p>[\/et_pb_text][\/et_pb_column][\/et_pb_row][et_pb_row _builder_version=\u00a0\u00bb4.14.4&Prime; _module_preset=\u00a0\u00bbdefault\u00a0\u00bb global_colors_info=\u00a0\u00bb{}\u00a0\u00bb][et_pb_column type=\u00a0\u00bb4_4&Prime; _builder_version=\u00a0\u00bb4.14.4&Prime; _module_preset=\u00a0\u00bbdefault\u00a0\u00bb global_colors_info=\u00a0\u00bb{}\u00a0\u00bb][et_pb_text _builder_version=\u00a0\u00bb4.14.4&Prime; _module_preset=\u00a0\u00bbdefault\u00a0\u00bb text_text_color=\u00a0\u00bb#000000&Prime; text_font_size=\u00a0\u00bb19px\u00a0\u00bb background_color=\u00a0\u00bbgcid-67c005a5-dc6b-4d8c-bc0d-ae4a0dfa4dd9&Prime; custom_margin=\u00a0\u00bb-42px||||false|false\u00a0\u00bb custom_padding=\u00a0\u00bb0px|||3px|false|false\u00a0\u00bb border_width_all=\u00a0\u00bb3px\u00a0\u00bb border_style_all=\u00a0\u00bbdotted\u00a0\u00bb global_colors_info=\u00a0\u00bb{%22gcid-67c005a5-dc6b-4d8c-bc0d-ae4a0dfa4dd9%22:%91%22background_color%22%93}\u00a0\u00bb]<\/p>\n<p style=\"text-align: center;\"><strong>Informations et inscriptions :\u00a0<\/strong><span style=\"font-size: 9px;\"><span style=\"caret-color: #000000; color: #000000; font-family: Roboto, Arial, sans-serif; letter-spacing: 0.6240000128746033px;\">\u00a0<\/span><a href=\"mailto:rp5@festivaldemarseille.com\" style=\"font-size: 16px; margin: 0px; padding: 0px; border: 0px; font-family: Roboto, Arial, sans-serif; font-stretch: inherit; line-height: inherit; vertical-align: baseline; background-color: transparent; letter-spacing: 0.6240000128746033px;\">rp5@festivaldemarseille.com <\/a><\/span>\/04 91 99 00 28<\/p>\n<p>[\/et_pb_text][\/et_pb_column][\/et_pb_row][\/et_pb_section]<\/p>\n","protected":false},"excerpt":{"rendered":"<p>CLIN D&rsquo;OEIL LE FESTIVAL S&rsquo;INVITE DANS VOTRE CLASSE\u00a0 Durant trois semaines, du 16 juin au 09 juillet 2023, la programmation de la 28\u00e8me \u00e9dition du festival de Marseille, ce sera ; de la danse, de la musique, du th\u00e9\u00e2tre, des rencontres, du cin\u00e9ma, des ateliers avec vous, des performances.\u00a0 \u00a0 Cette ann\u00e9e encore, nous vous [&hellip;]<\/p>\n","protected":false},"author":1,"featured_media":0,"parent":0,"menu_order":0,"comment_status":"closed","ping_status":"closed","template":"","meta":{"_et_pb_use_builder":"on","_et_pb_old_content":"","_et_gb_content_width":"","jetpack_post_was_ever_published":false,"footnotes":""},"class_list":["post-1915","page","type-page","status-publish","hentry"],"jetpack_sharing_enabled":true,"_links":{"self":[{"href":"https:\/\/en-classe.festivaldemarseille.com\/index.php\/wp-json\/wp\/v2\/pages\/1915","targetHints":{"allow":["GET"]}}],"collection":[{"href":"https:\/\/en-classe.festivaldemarseille.com\/index.php\/wp-json\/wp\/v2\/pages"}],"about":[{"href":"https:\/\/en-classe.festivaldemarseille.com\/index.php\/wp-json\/wp\/v2\/types\/page"}],"author":[{"embeddable":true,"href":"https:\/\/en-classe.festivaldemarseille.com\/index.php\/wp-json\/wp\/v2\/users\/1"}],"replies":[{"embeddable":true,"href":"https:\/\/en-classe.festivaldemarseille.com\/index.php\/wp-json\/wp\/v2\/comments?post=1915"}],"version-history":[{"count":9,"href":"https:\/\/en-classe.festivaldemarseille.com\/index.php\/wp-json\/wp\/v2\/pages\/1915\/revisions"}],"predecessor-version":[{"id":2107,"href":"https:\/\/en-classe.festivaldemarseille.com\/index.php\/wp-json\/wp\/v2\/pages\/1915\/revisions\/2107"}],"wp:attachment":[{"href":"https:\/\/en-classe.festivaldemarseille.com\/index.php\/wp-json\/wp\/v2\/media?parent=1915"}],"curies":[{"name":"wp","href":"https:\/\/api.w.org\/{rel}","templated":true}]}}

<p>[et_pb_section fb_built= »1&Prime; admin_label= »section » _builder_version= »4.14.4&Prime; hover_enabled= »0&Prime; global_colors_info= »{} » sticky_enabled= »0&Prime;][et_pb_row _builder_version= »4.14.4&Prime; _module_preset= »default » custom_margin= »-90px||||false|false » global_colors_info= »{} »][et_pb_column type= »4_4&Prime; _builder_version= »4.14.4&Prime; _module_preset= »default » global_colors_info= »{} »][et_pb_text _builder_version= »4.14.4&Prime; _module_preset= »default » text_text_color= »#000000&Prime; background_color= »gcid-67c005a5-dc6b-4d8c-bc0d-ae4a0dfa4dd9&Prime; custom_margin= »90px||||false|false » custom_padding= »|||6px|false|false » hover_enabled= »0&Prime; border_width_all= »2px » global_colors_info= »{%22gcid-67c005a5-dc6b-4d8c-bc0d-ae4a0dfa4dd9%22:%91%22background_color%22%93} » sticky_enabled= »0&Prime;]</p>
<h1 style="text-align: center;">CLIN D&rsquo;OEIL</h1>
<p>[/et_pb_text][/et_pb_column][/et_pb_row][et_pb_row column_structure= »2_5,3_5&Prime; _builder_version= »4.14.4&Prime; _module_preset= »default » custom_margin= »16px||||false|false » hover_enabled= »0&Prime; global_colors_info= »{} » sticky_enabled= »0&Prime;][et_pb_column type= »2_5&Prime; _builder_version= »4.14.4&Prime; _module_preset= »default » global_colors_info= »{} »][et_pb_text _builder_version= »4.14.4&Prime; _module_preset= »default » text_text_color= »#000000&Prime; inline_fonts= »Barlow,Andika New Basic,Bellefair,Charmonman,Abhaya Libre » global_colors_info= »{} »]</p>
<div class="single-document__titles">
<h1 class="document-title" style="text-align: right;"><span style="font-family: inherit; font-weight: normal;"><span style="color: #000000;">LE FESTIVAL S&rsquo;INVITE DANS VOTRE CLASSE</span> </span></h1>
</div>
<div class="single-document__summary text-summary">
<p style="text-align: justify;"><span style="font-family: Barlow; font-weight: normal;"></span></p>
<blockquote>
<p style="text-align: justify;"><span style="font-family: inherit; font-weight: normal;">Durant trois semaines, du <strong>16 juin au 09 juillet 2023, </strong>la programmation de la 28ème édition du festival de Marseille, ce sera ; <span style="font-size: 15px;">de la <span style="font-size: large;">danse</span>, de la<span style="font-size: large;"> musique</span>, du <span style="font-size: large;">théâtre</span>, des <span style="font-size: large;">rencontres</span>, du <span style="font-size: large;">cinéma</span>, des <span style="font-size: large;">ateliers avec vous</span>, des <span style="font-size: large;">performances</span>.   </span></span></p>
</blockquote>
<p style="text-align: justify;"><span style="font-family: inherit; font-weight: normal;"><strong>Cette année encore, nous vous invitons à vous joindre à nous pour célébrer les arts et la culture grâce au parcours <span style="color: #ff653a;">CLIN D&rsquo;OEIL</span></strong></span></p>
<p><span style="font-family: inherit; font-weight: normal;"><b style="font-size: 15px; caret-color: #000000;"></b></span></p>
</div>
<div class="text-content">
<div style="caret-color: #000000; color: #000000;">
<p style="text-align: justify;"><span style="font-family: inherit; font-weight: normal;"><strong style="font-size: 15px;">&gt; CLIN D&rsquo;OEIL,</strong><span style="font-size: 15px;"> qu&rsquo;est ce que c&rsquo;est ?</span></span></p>
<ul>
<li><span style="font-family: inherit; font-weight: normal;">Une <strong>séance de médiation</strong> en classe pour comprendre, apprendre, s&rsquo;approprier l&rsquo;univers de la danse et des arts de la scène. Des activités sont prévues et encadrées pour tous les niveaux. </span></li>
<li><span style="font-family: inherit; font-weight: normal;">Une <strong>sortie au spectacle</strong> pendant la durée du festival, pour voir ce que ça donne, en vrai, le spectacle vivant. </span></li>
</ul>
<p><span style="font-family: inherit; font-weight: normal;"> </span></p>
<p><span style="font-family: inherit; font-weight: normal;"><strong>TARIFS : </strong></span></p>
<p><span style="font-family: inherit; font-weight: normal;">&#8211; La séance de médiation est entièrement prise en charge par le Festival<strong></strong></span></p>
<p style="text-align: justify;"><span style="font-family: inherit; font-weight: normal;">&#8211; Les places de spectacles coûtent entre <strong>5 et 10 €</strong> par élève. Il y a également possibilité de bénéficier de places à <strong><span style="font-weight: normal;">1€ via la Charte Culture</span> . </strong></span></p>
<p><em><span style="font-family: Chivo; font-weight: normal;"><strong></strong></span></em></p>
</div>
</div>
<p><em><span style="font-family: Chivo; font-weight: normal;"><strong> </strong></span></em></p>
<p>&nbsp;</p>
<p>[/et_pb_text][/et_pb_column][et_pb_column type= »3_5&Prime; _builder_version= »4.14.4&Prime; _module_preset= »default » global_colors_info= »{} »][et_pb_gallery gallery_ids= »1378,1377,1507,1317&Prime; _builder_version= »4.14.4&Prime; _module_preset= »default » background_layout= »dark » global_colors_info= »{} »][/et_pb_gallery][/et_pb_column][/et_pb_row][et_pb_row _builder_version= »4.14.4&Prime; _module_preset= »default » global_colors_info= »{} »][et_pb_column type= »4_4&Prime; _builder_version= »4.14.4&Prime; _module_preset= »default » global_colors_info= »{} »][et_pb_text _builder_version= »4.14.4&Prime; _module_preset= »default » max_height= »1000px » custom_margin= »-85px||60px||false|false » hover_enabled= »0&Prime; global_colors_info= »{} » sticky_enabled= »0&Prime;]</p>
<p style="text-align: justify;"><em>La liste des établissements déjà inscrits cette année : école Hozier (CM1, 13002) , école Ahmed Litim (CM2, 13003), école Peyssonnel 1 (CM1, 13003), école Leverrier (CM2, 13003), école Chave (CM2, 13005), école Saint Pierre (CM1, 13005), école Air Bel (CM1 et CM2, 13011), école Cité Michelis (CM1, 13011), école Bois Lemaître (CE2 et CM2, 13012), école Saint Antoine Palanque (CM2, 13015), école Saint Louis Campagne Levêque (CM1 et CM2, 13015), école Felix Pyat (CM2, 13003), école Saint Just Centre 1 (CM2, 13013), école Abbé de l&rsquo;épée 5CM1, 13005), école Parc Kalliste (CM2, 13015), école Kléber (CM2, 13003), école  Michelet Foch (CM1, 13004), école Notre Dame Limite les Fabrettes (CM1, 13015), école Saint Louis Gare (CM2, 13014), école Amedée Autran (CM1, 13007), école Arenc Bachas Exterieur (CM1, 13015), école Bricarde (CM1, 13015), école Marie Curie (CM2, <span> Marignane) et école Antoine de Ruffi (CM1, 13002). </span></em></p>
<p>[/et_pb_text][/et_pb_column][/et_pb_row][et_pb_row _builder_version= »4.14.4&Prime; _module_preset= »default » global_colors_info= »{} »][et_pb_column type= »4_4&Prime; _builder_version= »4.14.4&Prime; _module_preset= »default » global_colors_info= »{} »][et_pb_text _builder_version= »4.14.4&Prime; _module_preset= »default » text_text_color= »#000000&Prime; text_font_size= »19px » background_color= »gcid-67c005a5-dc6b-4d8c-bc0d-ae4a0dfa4dd9&Prime; custom_margin= »-42px||||false|false » custom_padding= »0px|||3px|false|false » border_width_all= »3px » border_style_all= »dotted » global_colors_info= »{%22gcid-67c005a5-dc6b-4d8c-bc0d-ae4a0dfa4dd9%22:%91%22background_color%22%93} »]</p>
<p style="text-align: center;"><strong>Informations et inscriptions : </strong><span style="font-size: 9px;"><span style="caret-color: #000000; color: #000000; font-family: Roboto, Arial, sans-serif; letter-spacing: 0.6240000128746033px;"> </span><a href="mailto:rp5@festivaldemarseille.com" style="font-size: 16px; margin: 0px; padding: 0px; border: 0px; font-family: Roboto, Arial, sans-serif; font-stretch: inherit; line-height: inherit; vertical-align: baseline; background-color: transparent; letter-spacing: 0.6240000128746033px;">rp5@festivaldemarseille.com </a></span>/04 91 99 00 28</p>
<p>[/et_pb_text][/et_pb_column][/et_pb_row][/et_pb_section]</p>

<p>CLIN D&rsquo;OEIL LE FESTIVAL S&rsquo;INVITE DANS VOTRE CLASSE  Durant trois semaines, du 16 juin au 09 juillet 2023, la programmation de la 28ème édition du festival de Marseille, ce sera ; de la danse, de la musique, du théâtre, des rencontres, du cinéma, des ateliers avec vous, des performances.    Cette année encore, nous vous [&hellip;]</p>
