{"id":1823,"date":"2022-05-12T16:32:41","date_gmt":"2022-05-12T14:32:41","guid":{"rendered":"https:\/\/en-classe.festivaldemarseille.com\/?page_id=1823"},"modified":"2022-05-12T16:32:45","modified_gmt":"2022-05-12T14:32:45","slug":"ecole-la-guadeloupe","status":"publish","type":"page","link":"https:\/\/en-classe.festivaldemarseille.com\/index.php\/clin-doeil\/ecole-la-guadeloupe\/","title":{"rendered":"Ecole La Guadeloupe"},"content":{"rendered":"<p>[et_pb_section fb_built=\u00a0\u00bb1&Prime; admin_label=\u00a0\u00bbsection\u00a0\u00bb _builder_version=\u00a0\u00bb3.22&Prime; global_colors_info=\u00a0\u00bb{}\u00a0\u00bb][et_pb_row _builder_version=\u00a0\u00bb4.14.4&Prime; _module_preset=\u00a0\u00bbdefault\u00a0\u00bb global_colors_info=\u00a0\u00bb{}\u00a0\u00bb][et_pb_column type=\u00a0\u00bb4_4&Prime; _builder_version=\u00a0\u00bb4.14.4&Prime; _module_preset=\u00a0\u00bbdefault\u00a0\u00bb global_colors_info=\u00a0\u00bb{}\u00a0\u00bb][et_pb_text _builder_version=\u00a0\u00bb4.14.4&Prime; _module_preset=\u00a0\u00bbdefault\u00a0\u00bb custom_margin=\u00a0\u00bb||-50px||false|false\u00a0\u00bb global_colors_info=\u00a0\u00bb{}\u00a0\u00bb]<\/p>\n<h1 class=\"document-title\" style=\"margin: 0px; padding: 0px 0px 20px; border: 0px; font-style: normal; font-variant-ligatures: normal; font-variant-caps: normal; font-variant-numeric: inherit; font-variant-east-asian: inherit; font-weight: bold; font-stretch: inherit; font-size: 74px; line-height: 74px; font-family: Mohave, Arial, serif; vertical-align: baseline; text-transform: uppercase; color: #000000; letter-spacing: normal; orphans: 2; text-indent: 0px; white-space: normal; widows: 2; word-spacing: 0px; -webkit-text-stroke-width: 0px; text-decoration-thickness: initial; text-decoration-style: initial; text-decoration-color: initial; text-align: center;\">Ecole la guadeloupe<\/h1>\n<p>[\/et_pb_text][\/et_pb_column][\/et_pb_row][et_pb_row _builder_version=\u00a0\u00bb4.14.4&Prime; _module_preset=\u00a0\u00bbdefault\u00a0\u00bb background_color=\u00a0\u00bb#FFFFFF\u00a0\u00bb global_colors_info=\u00a0\u00bb{}\u00a0\u00bb][et_pb_column type=\u00a0\u00bb4_4&Prime; _builder_version=\u00a0\u00bb4.14.4&Prime; _module_preset=\u00a0\u00bbdefault\u00a0\u00bb global_colors_info=\u00a0\u00bb{}\u00a0\u00bb][et_pb_text _builder_version=\u00a0\u00bb4.14.4&Prime; _module_preset=\u00a0\u00bbdefault\u00a0\u00bb background_color=\u00a0\u00bbgcid-f983eb1b-fbf9-425a-a23e-ad0522245675&Prime; custom_margin=\u00a0\u00bb||-50px||false|false\u00a0\u00bb custom_padding=\u00a0\u00bb1px|||||\u00a0\u00bb global_colors_info=\u00a0\u00bb{%22gcid-f983eb1b-fbf9-425a-a23e-ad0522245675%22:%91%22background_color%22%93}\u00a0\u00bb]<\/p>\n<h4 style=\"text-align: center;\">Atelier du 03 mai<\/h4>\n<p>[\/et_pb_text][\/et_pb_column][\/et_pb_row][et_pb_row _builder_version=\u00a0\u00bb4.14.4&Prime; _module_preset=\u00a0\u00bbdefault\u00a0\u00bb min_height=\u00a0\u00bb216.9px\u00a0\u00bb custom_padding=\u00a0\u00bb||45px|||\u00a0\u00bb global_colors_info=\u00a0\u00bb{}\u00a0\u00bb][et_pb_column type=\u00a0\u00bb4_4&Prime; _builder_version=\u00a0\u00bb4.14.4&Prime; _module_preset=\u00a0\u00bbdefault\u00a0\u00bb global_colors_info=\u00a0\u00bb{}\u00a0\u00bb][et_pb_text _builder_version=\u00a0\u00bb4.14.4&Prime; _module_preset=\u00a0\u00bbdefault\u00a0\u00bb min_height=\u00a0\u00bb181px\u00a0\u00bb custom_margin=\u00a0\u00bb5px||9px||false|false\u00a0\u00bb global_colors_info=\u00a0\u00bb{}\u00a0\u00bb]<\/p>\n<p style=\"text-align: justify;\">La classe de CE1 de l&rsquo;\u00e9cole La Guadeloupe allait commencer son cycle de danse pour la fin de l&rsquo;ann\u00e9e scolaire. Avant donc de se mettre \u00e0 la pratique, on a pu discuter ensemble de ce que pouvait repr\u00e9senter la danse pour chacun. C&rsquo;est un mot qu&rsquo;on utilise souvent au singulier alors qu&rsquo;il d\u00e9signe des \u00e9l\u00e9ments tellement diff\u00e9rents suivant les pays, l&rsquo;histoire, les contextes (f\u00eates, religions, c\u00e9r\u00e9monies, sports, spectacles, loisirs personnels&#8230;).\u00a0<\/p>\n<p style=\"text-align: justify;\">Apr\u00e8s une premi\u00e8re partie en classe, nous sommes all\u00e9s danser un petit peu, mettre en pratique ce que les \u00e9l\u00e8ves avaient pu voir sur les parties du corps, les articulations, les mani\u00e8res de bouger&#8230; Cela nous a permis de nous rendre compte que, malgr\u00e9 toutes les diff\u00e9rentes danses, il y avait toujours quelque chose en commun : les 4 \u00e9l\u00e9ments de la danse (CORPS \/ ESPACE \/ RYTHME \/ MOUVEMENT). On a aussi constat\u00e9 que la danse \u00e9tait accessible \u00e0 tous, peu importe son exp\u00e9rience ou son niveau. Pour terminer, quelques \u00e9l\u00e8ves nous ont montr\u00e9 des pas de danse qu&rsquo;ils connaissaient (breakdance et danse classique).<\/p>\n<p style=\"text-align: justify;\">\n<p style=\"text-align: center;\">Merci \u00e0 tous et bon cycle de danse\u00a0 !<\/p>\n<p>[\/et_pb_text][et_pb_text _builder_version=\u00a0\u00bb4.14.4&Prime; _module_preset=\u00a0\u00bbdefault\u00a0\u00bb global_colors_info=\u00a0\u00bb{}\u00a0\u00bb]<\/p>\n<div class=\"text-content\" style=\"margin: 0px; padding: 0px; border: 0px; font-style: normal; font-variant-ligatures: normal; font-variant-caps: normal; font-variant-numeric: inherit; font-variant-east-asian: inherit; font-weight: 400; font-stretch: inherit; font-size: 16px; line-height: inherit; font-family: Roboto, Arial, sans-serif; vertical-align: baseline; letter-spacing: 0.039em; color: #000000; orphans: 2; text-align: start; text-indent: 0px; text-transform: none; white-space: normal; widows: 2; word-spacing: 0px; -webkit-text-stroke-width: 0px; text-decoration-thickness: initial; text-decoration-style: initial; text-decoration-color: initial;\">\n<p style=\"margin: 0px; padding: 0px; border: 0px; font: inherit; vertical-align: baseline;\">\n<\/div>\n<p>[\/et_pb_text][\/et_pb_column][\/et_pb_row][et_pb_row _builder_version=\u00a0\u00bb4.14.4&Prime; _module_preset=\u00a0\u00bbdefault\u00a0\u00bb custom_margin=\u00a0\u00bb102px||||false|false\u00a0\u00bb global_colors_info=\u00a0\u00bb{}\u00a0\u00bb][et_pb_column type=\u00a0\u00bb4_4&Prime; _builder_version=\u00a0\u00bb4.14.4&Prime; _module_preset=\u00a0\u00bbdefault\u00a0\u00bb global_colors_info=\u00a0\u00bb{}\u00a0\u00bb][et_pb_text _builder_version=\u00a0\u00bb4.14.4&Prime; _module_preset=\u00a0\u00bbdefault\u00a0\u00bb text_text_color=\u00a0\u00bb#000000&Prime; header_2_font=\u00a0\u00bb||on|on|||||\u00a0\u00bb header_2_font_size=\u00a0\u00bb36px\u00a0\u00bb header_2_letter_spacing=\u00a0\u00bb9px\u00a0\u00bb background_color=\u00a0\u00bbgcid-f983eb1b-fbf9-425a-a23e-ad0522245675&Prime; custom_margin=\u00a0\u00bb-73px||0px||false|false\u00a0\u00bb border_width_all=\u00a0\u00bb2px\u00a0\u00bb border_style_all=\u00a0\u00bbdotted\u00a0\u00bb global_colors_info=\u00a0\u00bb{%22gcid-f983eb1b-fbf9-425a-a23e-ad0522245675%22:%91%22background_color%22%93}\u00a0\u00bb]<\/p>\n<p style=\"text-align: center;\"><strong>Contactez-nous pour plus d&rsquo;informations : rp5(at)festivaldemarseille.com<\/strong><\/p>\n<p>[\/et_pb_text][\/et_pb_column][\/et_pb_row][\/et_pb_section]<\/p>\n","protected":false},"excerpt":{"rendered":"<p>Ecole la guadeloupeAtelier du 03 maiLa classe de CE1 de l&rsquo;\u00e9cole La Guadeloupe allait commencer son cycle de danse pour la fin de l&rsquo;ann\u00e9e scolaire. Avant donc de se mettre \u00e0 la pratique, on a pu discuter ensemble de ce que pouvait repr\u00e9senter la danse pour chacun. C&rsquo;est un mot qu&rsquo;on utilise souvent au singulier [&hellip;]<\/p>\n","protected":false},"author":1,"featured_media":0,"parent":744,"menu_order":0,"comment_status":"closed","ping_status":"closed","template":"","meta":{"_et_pb_use_builder":"on","_et_pb_old_content":"","_et_gb_content_width":"","jetpack_post_was_ever_published":false,"footnotes":""},"class_list":["post-1823","page","type-page","status-publish","hentry"],"jetpack_sharing_enabled":true,"_links":{"self":[{"href":"https:\/\/en-classe.festivaldemarseille.com\/index.php\/wp-json\/wp\/v2\/pages\/1823","targetHints":{"allow":["GET"]}}],"collection":[{"href":"https:\/\/en-classe.festivaldemarseille.com\/index.php\/wp-json\/wp\/v2\/pages"}],"about":[{"href":"https:\/\/en-classe.festivaldemarseille.com\/index.php\/wp-json\/wp\/v2\/types\/page"}],"author":[{"embeddable":true,"href":"https:\/\/en-classe.festivaldemarseille.com\/index.php\/wp-json\/wp\/v2\/users\/1"}],"replies":[{"embeddable":true,"href":"https:\/\/en-classe.festivaldemarseille.com\/index.php\/wp-json\/wp\/v2\/comments?post=1823"}],"version-history":[{"count":4,"href":"https:\/\/en-classe.festivaldemarseille.com\/index.php\/wp-json\/wp\/v2\/pages\/1823\/revisions"}],"predecessor-version":[{"id":1830,"href":"https:\/\/en-classe.festivaldemarseille.com\/index.php\/wp-json\/wp\/v2\/pages\/1823\/revisions\/1830"}],"up":[{"embeddable":true,"href":"https:\/\/en-classe.festivaldemarseille.com\/index.php\/wp-json\/wp\/v2\/pages\/744"}],"wp:attachment":[{"href":"https:\/\/en-classe.festivaldemarseille.com\/index.php\/wp-json\/wp\/v2\/media?parent=1823"}],"curies":[{"name":"wp","href":"https:\/\/api.w.org\/{rel}","templated":true}]}}

<p>[et_pb_section fb_built= »1&Prime; admin_label= »section » _builder_version= »3.22&Prime; global_colors_info= »{} »][et_pb_row _builder_version= »4.14.4&Prime; _module_preset= »default » global_colors_info= »{} »][et_pb_column type= »4_4&Prime; _builder_version= »4.14.4&Prime; _module_preset= »default » global_colors_info= »{} »][et_pb_text _builder_version= »4.14.4&Prime; _module_preset= »default » custom_margin= »||-50px||false|false » global_colors_info= »{} »]</p>
<h1 class="document-title" style="margin: 0px; padding: 0px 0px 20px; border: 0px; font-style: normal; font-variant-ligatures: normal; font-variant-caps: normal; font-variant-numeric: inherit; font-variant-east-asian: inherit; font-weight: bold; font-stretch: inherit; font-size: 74px; line-height: 74px; font-family: Mohave, Arial, serif; vertical-align: baseline; text-transform: uppercase; color: #000000; letter-spacing: normal; orphans: 2; text-indent: 0px; white-space: normal; widows: 2; word-spacing: 0px; -webkit-text-stroke-width: 0px; text-decoration-thickness: initial; text-decoration-style: initial; text-decoration-color: initial; text-align: center;">Ecole la guadeloupe</h1>
<p>[/et_pb_text][/et_pb_column][/et_pb_row][et_pb_row _builder_version= »4.14.4&Prime; _module_preset= »default » background_color= »#FFFFFF » global_colors_info= »{} »][et_pb_column type= »4_4&Prime; _builder_version= »4.14.4&Prime; _module_preset= »default » global_colors_info= »{} »][et_pb_text _builder_version= »4.14.4&Prime; _module_preset= »default » background_color= »gcid-f983eb1b-fbf9-425a-a23e-ad0522245675&Prime; custom_margin= »||-50px||false|false » custom_padding= »1px||||| » global_colors_info= »{%22gcid-f983eb1b-fbf9-425a-a23e-ad0522245675%22:%91%22background_color%22%93} »]</p>
<h4 style="text-align: center;">Atelier du 03 mai</h4>
<p>[/et_pb_text][/et_pb_column][/et_pb_row][et_pb_row _builder_version= »4.14.4&Prime; _module_preset= »default » min_height= »216.9px » custom_padding= »||45px||| » global_colors_info= »{} »][et_pb_column type= »4_4&Prime; _builder_version= »4.14.4&Prime; _module_preset= »default » global_colors_info= »{} »][et_pb_text _builder_version= »4.14.4&Prime; _module_preset= »default » min_height= »181px » custom_margin= »5px||9px||false|false » global_colors_info= »{} »]</p>
<p style="text-align: justify;">La classe de CE1 de l&rsquo;école La Guadeloupe allait commencer son cycle de danse pour la fin de l&rsquo;année scolaire. Avant donc de se mettre à la pratique, on a pu discuter ensemble de ce que pouvait représenter la danse pour chacun. C&rsquo;est un mot qu&rsquo;on utilise souvent au singulier alors qu&rsquo;il désigne des éléments tellement différents suivant les pays, l&rsquo;histoire, les contextes (fêtes, religions, cérémonies, sports, spectacles, loisirs personnels&#8230;). </p>
<p style="text-align: justify;">Après une première partie en classe, nous sommes allés danser un petit peu, mettre en pratique ce que les élèves avaient pu voir sur les parties du corps, les articulations, les manières de bouger&#8230; Cela nous a permis de nous rendre compte que, malgré toutes les différentes danses, il y avait toujours quelque chose en commun : les 4 éléments de la danse (CORPS / ESPACE / RYTHME / MOUVEMENT). On a aussi constaté que la danse était accessible à tous, peu importe son expérience ou son niveau. Pour terminer, quelques élèves nous ont montré des pas de danse qu&rsquo;ils connaissaient (breakdance et danse classique).</p>
<p style="text-align: justify;">
<p style="text-align: center;">Merci à tous et bon cycle de danse  !</p>
<p>[/et_pb_text][et_pb_text _builder_version= »4.14.4&Prime; _module_preset= »default » global_colors_info= »{} »]</p>
<div class="text-content" style="margin: 0px; padding: 0px; border: 0px; font-style: normal; font-variant-ligatures: normal; font-variant-caps: normal; font-variant-numeric: inherit; font-variant-east-asian: inherit; font-weight: 400; font-stretch: inherit; font-size: 16px; line-height: inherit; font-family: Roboto, Arial, sans-serif; vertical-align: baseline; letter-spacing: 0.039em; color: #000000; orphans: 2; text-align: start; text-indent: 0px; text-transform: none; white-space: normal; widows: 2; word-spacing: 0px; -webkit-text-stroke-width: 0px; text-decoration-thickness: initial; text-decoration-style: initial; text-decoration-color: initial;">
<p style="margin: 0px; padding: 0px; border: 0px; font: inherit; vertical-align: baseline;">
</div>
<p>[/et_pb_text][/et_pb_column][/et_pb_row][et_pb_row _builder_version= »4.14.4&Prime; _module_preset= »default » custom_margin= »102px||||false|false » global_colors_info= »{} »][et_pb_column type= »4_4&Prime; _builder_version= »4.14.4&Prime; _module_preset= »default » global_colors_info= »{} »][et_pb_text _builder_version= »4.14.4&Prime; _module_preset= »default » text_text_color= »#000000&Prime; header_2_font= »||on|on||||| » header_2_font_size= »36px » header_2_letter_spacing= »9px » background_color= »gcid-f983eb1b-fbf9-425a-a23e-ad0522245675&Prime; custom_margin= »-73px||0px||false|false » border_width_all= »2px » border_style_all= »dotted » global_colors_info= »{%22gcid-f983eb1b-fbf9-425a-a23e-ad0522245675%22:%91%22background_color%22%93} »]</p>
<p style="text-align: center;"><strong>Contactez-nous pour plus d&rsquo;informations : rp5(at)festivaldemarseille.com</strong></p>
<p>[/et_pb_text][/et_pb_column][/et_pb_row][/et_pb_section]</p>

<p>Ecole la guadeloupeAtelier du 03 maiLa classe de CE1 de l&rsquo;école La Guadeloupe allait commencer son cycle de danse pour la fin de l&rsquo;année scolaire. Avant donc de se mettre à la pratique, on a pu discuter ensemble de ce que pouvait représenter la danse pour chacun. C&rsquo;est un mot qu&rsquo;on utilise souvent au singulier [&hellip;]</p>
