{"id":1706,"date":"2022-04-27T12:01:14","date_gmt":"2022-04-27T10:01:14","guid":{"rendered":"https:\/\/en-classe.festivaldemarseille.com\/?page_id=1706"},"modified":"2022-04-27T12:22:50","modified_gmt":"2022-04-27T10:22:50","slug":"ecole-la-viste-bousquet","status":"publish","type":"page","link":"https:\/\/en-classe.festivaldemarseille.com\/index.php\/clin-doeil\/ecole-la-viste-bousquet\/","title":{"rendered":"Ecole La Viste Bousquet"},"content":{"rendered":"<p>[et_pb_section fb_built=\u00a0\u00bb1&Prime; admin_label=\u00a0\u00bbsection\u00a0\u00bb _builder_version=\u00a0\u00bb3.22&Prime; global_colors_info=\u00a0\u00bb{}\u00a0\u00bb][et_pb_row _builder_version=\u00a0\u00bb4.14.4&Prime; _module_preset=\u00a0\u00bbdefault\u00a0\u00bb global_colors_info=\u00a0\u00bb{}\u00a0\u00bb][et_pb_column type=\u00a0\u00bb4_4&Prime; _builder_version=\u00a0\u00bb4.14.4&Prime; _module_preset=\u00a0\u00bbdefault\u00a0\u00bb global_colors_info=\u00a0\u00bb{}\u00a0\u00bb][et_pb_text _builder_version=\u00a0\u00bb4.14.4&Prime; _module_preset=\u00a0\u00bbdefault\u00a0\u00bb custom_margin=\u00a0\u00bb||-50px||false|false\u00a0\u00bb global_colors_info=\u00a0\u00bb{}\u00a0\u00bb]<\/p>\n<h1 class=\"document-title\" style=\"margin: 0px; padding: 0px 0px 20px; border: 0px; font-style: normal; font-variant-ligatures: normal; font-variant-caps: normal; font-variant-numeric: inherit; font-variant-east-asian: inherit; font-weight: bold; font-stretch: inherit; font-size: 74px; line-height: 74px; font-family: Mohave, Arial, serif; vertical-align: baseline; text-transform: uppercase; color: #000000; letter-spacing: normal; orphans: 2; text-indent: 0px; white-space: normal; widows: 2; word-spacing: 0px; -webkit-text-stroke-width: 0px; text-decoration-thickness: initial; text-decoration-style: initial; text-decoration-color: initial; text-align: center;\">Ecole la viste bousquet<\/h1>\n<p>&nbsp;<\/p>\n<p>[\/et_pb_text][\/et_pb_column][\/et_pb_row][et_pb_row _builder_version=\u00a0\u00bb4.14.4&Prime; _module_preset=\u00a0\u00bbdefault\u00a0\u00bb background_color=\u00a0\u00bb#FFFFFF\u00a0\u00bb global_colors_info=\u00a0\u00bb{}\u00a0\u00bb][et_pb_column type=\u00a0\u00bb4_4&Prime; _builder_version=\u00a0\u00bb4.14.4&Prime; _module_preset=\u00a0\u00bbdefault\u00a0\u00bb global_colors_info=\u00a0\u00bb{}\u00a0\u00bb][et_pb_text _builder_version=\u00a0\u00bb4.14.4&Prime; _module_preset=\u00a0\u00bbdefault\u00a0\u00bb background_color=\u00a0\u00bbgcid-a6e8453d-6fda-486d-958e-7f1e23141b0b\u00a0\u00bb custom_margin=\u00a0\u00bb||-50px||false|false\u00a0\u00bb global_colors_info=\u00a0\u00bb{%22gcid-a6e8453d-6fda-486d-958e-7f1e23141b0b%22:%91%22background_color%22%93}\u00a0\u00bb]<\/p>\n<h4 style=\"text-align: center;\">Atelier du 26 avril<\/h4>\n<p>[\/et_pb_text][\/et_pb_column][\/et_pb_row][et_pb_row column_structure=\u00a0\u00bb2_5,3_5&Prime; _builder_version=\u00a0\u00bb4.14.4&Prime; _module_preset=\u00a0\u00bbdefault\u00a0\u00bb min_height=\u00a0\u00bb216.9px\u00a0\u00bb custom_padding=\u00a0\u00bb||45px|||\u00a0\u00bb global_colors_info=\u00a0\u00bb{}\u00a0\u00bb][et_pb_column type=\u00a0\u00bb2_5&Prime; _builder_version=\u00a0\u00bb4.14.4&Prime; _module_preset=\u00a0\u00bbdefault\u00a0\u00bb global_colors_info=\u00a0\u00bb{}\u00a0\u00bb][et_pb_text _builder_version=\u00a0\u00bb4.14.4&Prime; _module_preset=\u00a0\u00bbdefault\u00a0\u00bb text_font=\u00a0\u00bbGeorgia||||||||\u00a0\u00bb text_font_size=\u00a0\u00bb24px\u00a0\u00bb text_letter_spacing=\u00a0\u00bb2px\u00a0\u00bb min_height=\u00a0\u00bb181px\u00a0\u00bb custom_margin=\u00a0\u00bb78px||9px||false|false\u00a0\u00bb global_colors_info=\u00a0\u00bb{}\u00a0\u00bb]<\/p>\n<p style=\"text-align: justify;\">Pendant l&rsquo;atelier avec une des classes de CM1 de l&rsquo;\u00e9cole La Viste Bousquet, nous avons discut\u00e9 de ce que repr\u00e9sentait la danse pour les \u00e9l\u00e8ves.<\/p>\n<p style=\"text-align: justify;\">En fonction du pays, de l&rsquo;histoire, des mouvements et des parties du corps sollicit\u00e9es, on a vu que tout le monde pouvait danser et que la d\u00e9finition de ce sport\/cet art est tr\u00e8s large !<\/p>\n<p>[\/et_pb_text][et_pb_text _builder_version=\u00a0\u00bb4.14.4&Prime; _module_preset=\u00a0\u00bbdefault\u00a0\u00bb global_colors_info=\u00a0\u00bb{}\u00a0\u00bb]<\/p>\n<div class=\"text-content\" style=\"margin: 0px; padding: 0px; border: 0px; font-style: normal; font-variant-ligatures: normal; font-variant-caps: normal; font-variant-numeric: inherit; font-variant-east-asian: inherit; font-weight: 400; font-stretch: inherit; font-size: 16px; line-height: inherit; font-family: Roboto, Arial, sans-serif; vertical-align: baseline; letter-spacing: 0.039em; color: #000000; orphans: 2; text-align: start; text-indent: 0px; text-transform: none; white-space: normal; widows: 2; word-spacing: 0px; -webkit-text-stroke-width: 0px; text-decoration-thickness: initial; text-decoration-style: initial; text-decoration-color: initial;\">\n<p style=\"margin: 0px; padding: 0px; border: 0px; font: inherit; vertical-align: baseline;\">\n<\/div>\n<p>[\/et_pb_text][\/et_pb_column][et_pb_column type=\u00a0\u00bb3_5&Prime; _builder_version=\u00a0\u00bb4.14.4&Prime; _module_preset=\u00a0\u00bbdefault\u00a0\u00bb global_colors_info=\u00a0\u00bb{}\u00a0\u00bb][et_pb_gallery gallery_ids=\u00a0\u00bb1710,1711,1712&Prime; _builder_version=\u00a0\u00bb4.14.4&Prime; _module_preset=\u00a0\u00bbdefault\u00a0\u00bb background_layout=\u00a0\u00bbdark\u00a0\u00bb global_colors_info=\u00a0\u00bb{}\u00a0\u00bb][\/et_pb_gallery][\/et_pb_column][\/et_pb_row][et_pb_row column_structure=\u00a0\u00bb3_5,2_5&Prime; _builder_version=\u00a0\u00bb4.14.4&Prime; _module_preset=\u00a0\u00bbdefault\u00a0\u00bb global_colors_info=\u00a0\u00bb{}\u00a0\u00bb][et_pb_column type=\u00a0\u00bb3_5&Prime; _builder_version=\u00a0\u00bb4.14.4&Prime; _module_preset=\u00a0\u00bbdefault\u00a0\u00bb global_colors_info=\u00a0\u00bb{}\u00a0\u00bb][et_pb_gallery gallery_ids=\u00a0\u00bb1713,1714&Prime; _builder_version=\u00a0\u00bb4.14.4&Prime; _module_preset=\u00a0\u00bbdefault\u00a0\u00bb background_layout=\u00a0\u00bbdark\u00a0\u00bb global_colors_info=\u00a0\u00bb{}\u00a0\u00bb][\/et_pb_gallery][\/et_pb_column][et_pb_column type=\u00a0\u00bb2_5&Prime; _builder_version=\u00a0\u00bb4.14.4&Prime; _module_preset=\u00a0\u00bbdefault\u00a0\u00bb global_colors_info=\u00a0\u00bb{}\u00a0\u00bb][et_pb_text _builder_version=\u00a0\u00bb4.14.4&Prime; _module_preset=\u00a0\u00bbdefault\u00a0\u00bb text_font=\u00a0\u00bbGeorgia||||||||\u00a0\u00bb text_font_size=\u00a0\u00bb24px\u00a0\u00bb text_letter_spacing=\u00a0\u00bb4px\u00a0\u00bb custom_margin=\u00a0\u00bb15px||||false|false\u00a0\u00bb global_colors_info=\u00a0\u00bb{}\u00a0\u00bb]<\/p>\n<p style=\"text-align: justify;\">Pour terminer l&rsquo;atelier, nous sommes descendu.e.s dans la cour et avons tent\u00e9 de reproduire ce que nous avions vu en classe. En s&rsquo;inspirant de vid\u00e9os, on a essay\u00e9 quelques mouvements de danse classique, de krump, de danse traditionnelle indienne, de tecktonik&#8230;<\/p>\n<p style=\"text-align: justify;\">Quelques \u00e9l\u00e8ves ont aussi montr\u00e9 des pas de danse qu&rsquo;ils et elles connaissaient (notamment une chor\u00e9graphie Tik-Tok).<\/p>\n<p style=\"text-align: justify;\">Merci \u00e0 elles\/eux pour leur participation, rendez-vous au mois de juin pour le spectacle !<\/p>\n<p>[\/et_pb_text][\/et_pb_column][\/et_pb_row][et_pb_row _builder_version=\u00a0\u00bb4.14.4&Prime; _module_preset=\u00a0\u00bbdefault\u00a0\u00bb custom_margin=\u00a0\u00bb102px||||false|false\u00a0\u00bb global_colors_info=\u00a0\u00bb{}\u00a0\u00bb][et_pb_column type=\u00a0\u00bb4_4&Prime; _builder_version=\u00a0\u00bb4.14.4&Prime; _module_preset=\u00a0\u00bbdefault\u00a0\u00bb global_colors_info=\u00a0\u00bb{}\u00a0\u00bb][et_pb_text _builder_version=\u00a0\u00bb4.14.4&Prime; _module_preset=\u00a0\u00bbdefault\u00a0\u00bb text_text_color=\u00a0\u00bb#000000&Prime; header_2_font=\u00a0\u00bb||on|on|||||\u00a0\u00bb header_2_font_size=\u00a0\u00bb36px\u00a0\u00bb header_2_letter_spacing=\u00a0\u00bb9px\u00a0\u00bb background_color=\u00a0\u00bbgcid-67c005a5-dc6b-4d8c-bc0d-ae4a0dfa4dd9&Prime; custom_margin=\u00a0\u00bb-73px||0px||false|false\u00a0\u00bb hover_enabled=\u00a0\u00bb0&Prime; border_width_all=\u00a0\u00bb2px\u00a0\u00bb border_style_all=\u00a0\u00bbdotted\u00a0\u00bb global_colors_info=\u00a0\u00bb{%22gcid-67c005a5-dc6b-4d8c-bc0d-ae4a0dfa4dd9%22:%91%22background_color%22%93}\u00a0\u00bb sticky_enabled=\u00a0\u00bb0&Prime;]<\/p>\n<p style=\"text-align: center;\"><strong>Contactez-nous pour plus d&rsquo;informations : rp5@festivaldemarseille.com<\/strong><\/p>\n<p>[\/et_pb_text][\/et_pb_column][\/et_pb_row][\/et_pb_section]<\/p>\n","protected":false},"excerpt":{"rendered":"<p>Ecole la viste bousquet &nbsp;Atelier du 26 avrilPendant l&rsquo;atelier avec une des classes de CM1 de l&rsquo;\u00e9cole La Viste Bousquet, nous avons discut\u00e9 de ce que repr\u00e9sentait la danse pour les \u00e9l\u00e8ves. En fonction du pays, de l&rsquo;histoire, des mouvements et des parties du corps sollicit\u00e9es, on a vu que tout le monde pouvait danser [&hellip;]<\/p>\n","protected":false},"author":1,"featured_media":0,"parent":744,"menu_order":0,"comment_status":"closed","ping_status":"closed","template":"","meta":{"_et_pb_use_builder":"on","_et_pb_old_content":"","_et_gb_content_width":"","jetpack_post_was_ever_published":false,"footnotes":""},"class_list":["post-1706","page","type-page","status-publish","hentry"],"jetpack_sharing_enabled":true,"_links":{"self":[{"href":"https:\/\/en-classe.festivaldemarseille.com\/index.php\/wp-json\/wp\/v2\/pages\/1706","targetHints":{"allow":["GET"]}}],"collection":[{"href":"https:\/\/en-classe.festivaldemarseille.com\/index.php\/wp-json\/wp\/v2\/pages"}],"about":[{"href":"https:\/\/en-classe.festivaldemarseille.com\/index.php\/wp-json\/wp\/v2\/types\/page"}],"author":[{"embeddable":true,"href":"https:\/\/en-classe.festivaldemarseille.com\/index.php\/wp-json\/wp\/v2\/users\/1"}],"replies":[{"embeddable":true,"href":"https:\/\/en-classe.festivaldemarseille.com\/index.php\/wp-json\/wp\/v2\/comments?post=1706"}],"version-history":[{"count":5,"href":"https:\/\/en-classe.festivaldemarseille.com\/index.php\/wp-json\/wp\/v2\/pages\/1706\/revisions"}],"predecessor-version":[{"id":1726,"href":"https:\/\/en-classe.festivaldemarseille.com\/index.php\/wp-json\/wp\/v2\/pages\/1706\/revisions\/1726"}],"up":[{"embeddable":true,"href":"https:\/\/en-classe.festivaldemarseille.com\/index.php\/wp-json\/wp\/v2\/pages\/744"}],"wp:attachment":[{"href":"https:\/\/en-classe.festivaldemarseille.com\/index.php\/wp-json\/wp\/v2\/media?parent=1706"}],"curies":[{"name":"wp","href":"https:\/\/api.w.org\/{rel}","templated":true}]}}

<p>[et_pb_section fb_built= »1&Prime; admin_label= »section » _builder_version= »3.22&Prime; global_colors_info= »{} »][et_pb_row _builder_version= »4.14.4&Prime; _module_preset= »default » global_colors_info= »{} »][et_pb_column type= »4_4&Prime; _builder_version= »4.14.4&Prime; _module_preset= »default » global_colors_info= »{} »][et_pb_text _builder_version= »4.14.4&Prime; _module_preset= »default » custom_margin= »||-50px||false|false » global_colors_info= »{} »]</p>
<h1 class="document-title" style="margin: 0px; padding: 0px 0px 20px; border: 0px; font-style: normal; font-variant-ligatures: normal; font-variant-caps: normal; font-variant-numeric: inherit; font-variant-east-asian: inherit; font-weight: bold; font-stretch: inherit; font-size: 74px; line-height: 74px; font-family: Mohave, Arial, serif; vertical-align: baseline; text-transform: uppercase; color: #000000; letter-spacing: normal; orphans: 2; text-indent: 0px; white-space: normal; widows: 2; word-spacing: 0px; -webkit-text-stroke-width: 0px; text-decoration-thickness: initial; text-decoration-style: initial; text-decoration-color: initial; text-align: center;">Ecole la viste bousquet</h1>
<p>&nbsp;</p>
<p>[/et_pb_text][/et_pb_column][/et_pb_row][et_pb_row _builder_version= »4.14.4&Prime; _module_preset= »default » background_color= »#FFFFFF » global_colors_info= »{} »][et_pb_column type= »4_4&Prime; _builder_version= »4.14.4&Prime; _module_preset= »default » global_colors_info= »{} »][et_pb_text _builder_version= »4.14.4&Prime; _module_preset= »default » background_color= »gcid-a6e8453d-6fda-486d-958e-7f1e23141b0b » custom_margin= »||-50px||false|false » global_colors_info= »{%22gcid-a6e8453d-6fda-486d-958e-7f1e23141b0b%22:%91%22background_color%22%93} »]</p>
<h4 style="text-align: center;">Atelier du 26 avril</h4>
<p>[/et_pb_text][/et_pb_column][/et_pb_row][et_pb_row column_structure= »2_5,3_5&Prime; _builder_version= »4.14.4&Prime; _module_preset= »default » min_height= »216.9px » custom_padding= »||45px||| » global_colors_info= »{} »][et_pb_column type= »2_5&Prime; _builder_version= »4.14.4&Prime; _module_preset= »default » global_colors_info= »{} »][et_pb_text _builder_version= »4.14.4&Prime; _module_preset= »default » text_font= »Georgia|||||||| » text_font_size= »24px » text_letter_spacing= »2px » min_height= »181px » custom_margin= »78px||9px||false|false » global_colors_info= »{} »]</p>
<p style="text-align: justify;">Pendant l&rsquo;atelier avec une des classes de CM1 de l&rsquo;école La Viste Bousquet, nous avons discuté de ce que représentait la danse pour les élèves.</p>
<p style="text-align: justify;">En fonction du pays, de l&rsquo;histoire, des mouvements et des parties du corps sollicitées, on a vu que tout le monde pouvait danser et que la définition de ce sport/cet art est très large !</p>
<p>[/et_pb_text][et_pb_text _builder_version= »4.14.4&Prime; _module_preset= »default » global_colors_info= »{} »]</p>
<div class="text-content" style="margin: 0px; padding: 0px; border: 0px; font-style: normal; font-variant-ligatures: normal; font-variant-caps: normal; font-variant-numeric: inherit; font-variant-east-asian: inherit; font-weight: 400; font-stretch: inherit; font-size: 16px; line-height: inherit; font-family: Roboto, Arial, sans-serif; vertical-align: baseline; letter-spacing: 0.039em; color: #000000; orphans: 2; text-align: start; text-indent: 0px; text-transform: none; white-space: normal; widows: 2; word-spacing: 0px; -webkit-text-stroke-width: 0px; text-decoration-thickness: initial; text-decoration-style: initial; text-decoration-color: initial;">
<p style="margin: 0px; padding: 0px; border: 0px; font: inherit; vertical-align: baseline;">
</div>
<p>[/et_pb_text][/et_pb_column][et_pb_column type= »3_5&Prime; _builder_version= »4.14.4&Prime; _module_preset= »default » global_colors_info= »{} »][et_pb_gallery gallery_ids= »1710,1711,1712&Prime; _builder_version= »4.14.4&Prime; _module_preset= »default » background_layout= »dark » global_colors_info= »{} »][/et_pb_gallery][/et_pb_column][/et_pb_row][et_pb_row column_structure= »3_5,2_5&Prime; _builder_version= »4.14.4&Prime; _module_preset= »default » global_colors_info= »{} »][et_pb_column type= »3_5&Prime; _builder_version= »4.14.4&Prime; _module_preset= »default » global_colors_info= »{} »][et_pb_gallery gallery_ids= »1713,1714&Prime; _builder_version= »4.14.4&Prime; _module_preset= »default » background_layout= »dark » global_colors_info= »{} »][/et_pb_gallery][/et_pb_column][et_pb_column type= »2_5&Prime; _builder_version= »4.14.4&Prime; _module_preset= »default » global_colors_info= »{} »][et_pb_text _builder_version= »4.14.4&Prime; _module_preset= »default » text_font= »Georgia|||||||| » text_font_size= »24px » text_letter_spacing= »4px » custom_margin= »15px||||false|false » global_colors_info= »{} »]</p>
<p style="text-align: justify;">Pour terminer l&rsquo;atelier, nous sommes descendu.e.s dans la cour et avons tenté de reproduire ce que nous avions vu en classe. En s&rsquo;inspirant de vidéos, on a essayé quelques mouvements de danse classique, de krump, de danse traditionnelle indienne, de tecktonik&#8230;</p>
<p style="text-align: justify;">Quelques élèves ont aussi montré des pas de danse qu&rsquo;ils et elles connaissaient (notamment une chorégraphie Tik-Tok).</p>
<p style="text-align: justify;">Merci à elles/eux pour leur participation, rendez-vous au mois de juin pour le spectacle !</p>
<p>[/et_pb_text][/et_pb_column][/et_pb_row][et_pb_row _builder_version= »4.14.4&Prime; _module_preset= »default » custom_margin= »102px||||false|false » global_colors_info= »{} »][et_pb_column type= »4_4&Prime; _builder_version= »4.14.4&Prime; _module_preset= »default » global_colors_info= »{} »][et_pb_text _builder_version= »4.14.4&Prime; _module_preset= »default » text_text_color= »#000000&Prime; header_2_font= »||on|on||||| » header_2_font_size= »36px » header_2_letter_spacing= »9px » background_color= »gcid-67c005a5-dc6b-4d8c-bc0d-ae4a0dfa4dd9&Prime; custom_margin= »-73px||0px||false|false » hover_enabled= »0&Prime; border_width_all= »2px » border_style_all= »dotted » global_colors_info= »{%22gcid-67c005a5-dc6b-4d8c-bc0d-ae4a0dfa4dd9%22:%91%22background_color%22%93} » sticky_enabled= »0&Prime;]</p>
<p style="text-align: center;"><strong>Contactez-nous pour plus d&rsquo;informations : rp5@festivaldemarseille.com</strong></p>
<p>[/et_pb_text][/et_pb_column][/et_pb_row][/et_pb_section]</p>

<p>Ecole la viste bousquet &nbsp;Atelier du 26 avrilPendant l&rsquo;atelier avec une des classes de CM1 de l&rsquo;école La Viste Bousquet, nous avons discuté de ce que représentait la danse pour les élèves. En fonction du pays, de l&rsquo;histoire, des mouvements et des parties du corps sollicitées, on a vu que tout le monde pouvait danser [&hellip;]</p>
