{"id":1474,"date":"2022-03-29T11:36:44","date_gmt":"2022-03-29T09:36:44","guid":{"rendered":"https:\/\/en-classe.festivaldemarseille.com\/?page_id=1474"},"modified":"2022-10-28T11:33:14","modified_gmt":"2022-10-28T09:33:14","slug":"ecole-hozier","status":"publish","type":"page","link":"https:\/\/en-classe.festivaldemarseille.com\/index.php\/clin-doeil\/ecole-hozier\/","title":{"rendered":"Ecole Hozier"},"content":{"rendered":"<p>[et_pb_section fb_built=\u00a0\u00bb1&Prime; admin_label=\u00a0\u00bbsection\u00a0\u00bb _builder_version=\u00a0\u00bb3.22&Prime; global_colors_info=\u00a0\u00bb{}\u00a0\u00bb][et_pb_row _builder_version=\u00a0\u00bb4.14.4&Prime; _module_preset=\u00a0\u00bbdefault\u00a0\u00bb global_colors_info=\u00a0\u00bb{}\u00a0\u00bb][et_pb_column type=\u00a0\u00bb4_4&Prime; _builder_version=\u00a0\u00bb4.14.4&Prime; _module_preset=\u00a0\u00bbdefault\u00a0\u00bb global_colors_info=\u00a0\u00bb{}\u00a0\u00bb][et_pb_text _builder_version=\u00a0\u00bb4.14.4&Prime; _module_preset=\u00a0\u00bbdefault\u00a0\u00bb custom_margin=\u00a0\u00bb||-50px||false|false\u00a0\u00bb global_colors_info=\u00a0\u00bb{}\u00a0\u00bb]<\/p>\n<h1 class=\"document-title\" style=\"margin: 0px; padding: 0px 0px 20px; border: 0px; font-style: normal; font-variant-ligatures: normal; font-variant-caps: normal; font-variant-numeric: inherit; font-variant-east-asian: inherit; font-weight: bold; font-stretch: inherit; font-size: 74px; line-height: 74px; font-family: Mohave, Arial, serif; vertical-align: baseline; text-transform: uppercase; color: #000000; letter-spacing: normal; orphans: 2; text-indent: 0px; white-space: normal; widows: 2; word-spacing: 0px; -webkit-text-stroke-width: 0px; text-decoration-thickness: initial; text-decoration-style: initial; text-decoration-color: initial; text-align: center;\">Ecole Hozier<\/h1>\n<p>[\/et_pb_text][\/et_pb_column][\/et_pb_row][et_pb_row _builder_version=\u00a0\u00bb4.14.4&Prime; _module_preset=\u00a0\u00bbdefault\u00a0\u00bb background_color=\u00a0\u00bb#FFFFFF\u00a0\u00bb global_colors_info=\u00a0\u00bb{}\u00a0\u00bb][et_pb_column type=\u00a0\u00bb4_4&Prime; _builder_version=\u00a0\u00bb4.14.4&Prime; _module_preset=\u00a0\u00bbdefault\u00a0\u00bb global_colors_info=\u00a0\u00bb{}\u00a0\u00bb][et_pb_text _builder_version=\u00a0\u00bb4.14.4&Prime; _module_preset=\u00a0\u00bbdefault\u00a0\u00bb background_color=\u00a0\u00bbgcid-f983eb1b-fbf9-425a-a23e-ad0522245675&Prime; custom_margin=\u00a0\u00bb||-50px||false|false\u00a0\u00bb custom_padding=\u00a0\u00bb1px|||||\u00a0\u00bb global_colors_info=\u00a0\u00bb{%22gcid-f983eb1b-fbf9-425a-a23e-ad0522245675%22:%91%22background_color%22%93}\u00a0\u00bb]<\/p>\n<h4 style=\"text-align: center;\">Atelier du 22 mars<\/h4>\n<p>[\/et_pb_text][\/et_pb_column][\/et_pb_row][et_pb_row _builder_version=\u00a0\u00bb4.14.4&Prime; _module_preset=\u00a0\u00bbdefault\u00a0\u00bb min_height=\u00a0\u00bb216.9px\u00a0\u00bb custom_padding=\u00a0\u00bb||45px|||\u00a0\u00bb global_colors_info=\u00a0\u00bb{}\u00a0\u00bb][et_pb_column type=\u00a0\u00bb4_4&Prime; _builder_version=\u00a0\u00bb4.14.4&Prime; _module_preset=\u00a0\u00bbdefault\u00a0\u00bb global_colors_info=\u00a0\u00bb{}\u00a0\u00bb][et_pb_text _builder_version=\u00a0\u00bb4.14.4&Prime; _module_preset=\u00a0\u00bbdefault\u00a0\u00bb min_height=\u00a0\u00bb181px\u00a0\u00bb custom_margin=\u00a0\u00bb5px||9px||false|false\u00a0\u00bb global_colors_info=\u00a0\u00bb{}\u00a0\u00bb]<\/p>\n<p style=\"text-align: justify;\">Mardi 22 mars, les \u00e9l\u00e8ves de CM2 de la classe de Julia Deydier ont particip\u00e9 \u00e0 un atelier du parcours Clin d&rsquo;\u0153il. On a pu discuter ensemble des d\u00e9finitions du mot festival et de celles de la danse, diff\u00e9rentes pour chacune et chacun !\u00a0<\/p>\n<p style=\"text-align: justify;\">On a aussi parl\u00e9 d&rsquo;histoire de la danse et, via un blindtest, (re)d\u00e9couvert de nouveaux styles de danse suivant les pays et les \u00e9poques. Pour terminer l&rsquo;atelier, on a essay\u00e9 de reproduire ce qu&rsquo;on avait vu et on a ainsi dans\u00e9 dans la cour de l&rsquo;\u00e9cole quelques pas de tango, de flamenco, de tecktonik, de danse classique, indienne, orientale&#8230;<\/p>\n<p style=\"text-align: center;\">Rendez-vous au mois de juin pour le spectacle !<\/p>\n<p>[\/et_pb_text][et_pb_text _builder_version=\u00a0\u00bb4.14.4&Prime; _module_preset=\u00a0\u00bbdefault\u00a0\u00bb global_colors_info=\u00a0\u00bb{}\u00a0\u00bb]<\/p>\n<div class=\"text-content\" style=\"margin: 0px; padding: 0px; border: 0px; font-style: normal; font-variant-ligatures: normal; font-variant-caps: normal; font-variant-numeric: inherit; font-variant-east-asian: inherit; font-weight: 400; font-stretch: inherit; font-size: 16px; line-height: inherit; font-family: Roboto, Arial, sans-serif; vertical-align: baseline; letter-spacing: 0.039em; color: #000000; orphans: 2; text-align: start; text-indent: 0px; text-transform: none; white-space: normal; widows: 2; word-spacing: 0px; -webkit-text-stroke-width: 0px; text-decoration-thickness: initial; text-decoration-style: initial; text-decoration-color: initial;\">\n<p style=\"margin: 0px; padding: 0px; border: 0px; font: inherit; vertical-align: baseline;\">\n<\/div>\n<p>[\/et_pb_text][\/et_pb_column][\/et_pb_row][et_pb_row column_structure=\u00a0\u00bb1_3,1_3,1_3&Prime; _builder_version=\u00a0\u00bb4.14.4&Prime; _module_preset=\u00a0\u00bbdefault\u00a0\u00bb global_colors_info=\u00a0\u00bb{}\u00a0\u00bb][et_pb_column type=\u00a0\u00bb1_3&Prime; _builder_version=\u00a0\u00bb4.14.4&Prime; _module_preset=\u00a0\u00bbdefault\u00a0\u00bb global_colors_info=\u00a0\u00bb{}\u00a0\u00bb][et_pb_testimonial author=\u00a0\u00bbMohamed\u00a0\u00bb quote_icon_color=\u00a0\u00bb#000000&Prime; portrait_width=\u00a0\u00bb119px\u00a0\u00bb _builder_version=\u00a0\u00bb4.14.4&Prime; _module_preset=\u00a0\u00bbdefault\u00a0\u00bb child_mix_blend_mode=\u00a0\u00bbexclusion\u00a0\u00bb global_colors_info=\u00a0\u00bb{}\u00a0\u00bb]<\/p>\n<p>J\u2019aime la danse parce que les footballeurs, quand ils mettent un but, ils font des pas de danse.<\/p>\n<p>[\/et_pb_testimonial][\/et_pb_column][et_pb_column type=\u00a0\u00bb1_3&Prime; _builder_version=\u00a0\u00bb4.14.4&Prime; _module_preset=\u00a0\u00bbdefault\u00a0\u00bb global_colors_info=\u00a0\u00bb{}\u00a0\u00bb][et_pb_testimonial quote_icon_color=\u00a0\u00bb#000000&Prime; portrait_width=\u00a0\u00bb119px\u00a0\u00bb _builder_version=\u00a0\u00bb4.14.4&Prime; _module_preset=\u00a0\u00bbdefault\u00a0\u00bb child_mix_blend_mode=\u00a0\u00bbexclusion\u00a0\u00bb global_colors_info=\u00a0\u00bb{}\u00a0\u00bb]<\/p>\n<p>Je n\u2019aime pas la danse parce que je pr\u00e9f\u00e8re le foot et le basket. Je connais que 5 styles de danse\u00a0: la danse classique, le breakdance, la salsa, le tango et le hip-hop.<\/p>\n<p>[\/et_pb_testimonial][\/et_pb_column][et_pb_column type=\u00a0\u00bb1_3&Prime; _builder_version=\u00a0\u00bb4.14.4&Prime; _module_preset=\u00a0\u00bbdefault\u00a0\u00bb global_colors_info=\u00a0\u00bb{}\u00a0\u00bb][et_pb_testimonial author=\u00a0\u00bbRays\u00a0\u00bb quote_icon_color=\u00a0\u00bb#000000&Prime; portrait_width=\u00a0\u00bb119px\u00a0\u00bb _builder_version=\u00a0\u00bb4.14.4&Prime; _module_preset=\u00a0\u00bbdefault\u00a0\u00bb max_width=\u00a0\u00bb96%\u00a0\u00bb height=\u00a0\u00bb229px\u00a0\u00bb max_height=\u00a0\u00bb1000px\u00a0\u00bb child_mix_blend_mode=\u00a0\u00bbexclusion\u00a0\u00bb global_colors_info=\u00a0\u00bb{}\u00a0\u00bb]<\/p>\n<p style=\"text-align: justify;\">Pour moi la danse c\u2019est prendre du plaisir, s\u2019amuser, se d\u00e9penser. Il y a plusieurs sortes de danses : la valse, le chachacha, le jive, la samba, le tango argentin, la danse classique, la rumba, la salsa, etc\u2026<\/p>\n<p>[\/et_pb_testimonial][\/et_pb_column][\/et_pb_row][et_pb_row _builder_version=\u00a0\u00bb4.14.4&Prime; _module_preset=\u00a0\u00bbdefault\u00a0\u00bb custom_margin=\u00a0\u00bb102px||||false|false\u00a0\u00bb global_colors_info=\u00a0\u00bb{}\u00a0\u00bb][et_pb_column type=\u00a0\u00bb4_4&Prime; _builder_version=\u00a0\u00bb4.14.4&Prime; _module_preset=\u00a0\u00bbdefault\u00a0\u00bb global_colors_info=\u00a0\u00bb{}\u00a0\u00bb][et_pb_text _builder_version=\u00a0\u00bb4.14.4&Prime; _module_preset=\u00a0\u00bbdefault\u00a0\u00bb text_text_color=\u00a0\u00bb#000000&Prime; header_2_font=\u00a0\u00bb||on|on|||||\u00a0\u00bb header_2_font_size=\u00a0\u00bb36px\u00a0\u00bb header_2_letter_spacing=\u00a0\u00bb9px\u00a0\u00bb background_color=\u00a0\u00bbgcid-f983eb1b-fbf9-425a-a23e-ad0522245675&Prime; custom_margin=\u00a0\u00bb-73px||0px||false|false\u00a0\u00bb border_width_all=\u00a0\u00bb2px\u00a0\u00bb border_style_all=\u00a0\u00bbdotted\u00a0\u00bb global_colors_info=\u00a0\u00bb{%22gcid-f983eb1b-fbf9-425a-a23e-ad0522245675%22:%91%22background_color%22%93}\u00a0\u00bb]<\/p>\n<p style=\"text-align: center;\"><strong>Contactez-nous pour plus d&rsquo;informations : rp5(at)festivaldemarseille.com<\/strong><\/p>\n<p>[\/et_pb_text][\/et_pb_column][\/et_pb_row][\/et_pb_section]<\/p>\n","protected":false},"excerpt":{"rendered":"<p>Ecole HozierAtelier du 22 marsMardi 22 mars, les \u00e9l\u00e8ves de CM2 de la classe de Julia Deydier ont particip\u00e9 \u00e0 un atelier du parcours Clin d&rsquo;\u0153il. On a pu discuter ensemble des d\u00e9finitions du mot festival et de celles de la danse, diff\u00e9rentes pour chacune et chacun !\u00a0 On a aussi parl\u00e9 d&rsquo;histoire de la [&hellip;]<\/p>\n","protected":false},"author":1,"featured_media":0,"parent":744,"menu_order":0,"comment_status":"closed","ping_status":"closed","template":"","meta":{"_et_pb_use_builder":"on","_et_pb_old_content":"","_et_gb_content_width":"","jetpack_post_was_ever_published":false,"footnotes":""},"class_list":["post-1474","page","type-page","status-publish","hentry"],"jetpack_sharing_enabled":true,"_links":{"self":[{"href":"https:\/\/en-classe.festivaldemarseille.com\/index.php\/wp-json\/wp\/v2\/pages\/1474","targetHints":{"allow":["GET"]}}],"collection":[{"href":"https:\/\/en-classe.festivaldemarseille.com\/index.php\/wp-json\/wp\/v2\/pages"}],"about":[{"href":"https:\/\/en-classe.festivaldemarseille.com\/index.php\/wp-json\/wp\/v2\/types\/page"}],"author":[{"embeddable":true,"href":"https:\/\/en-classe.festivaldemarseille.com\/index.php\/wp-json\/wp\/v2\/users\/1"}],"replies":[{"embeddable":true,"href":"https:\/\/en-classe.festivaldemarseille.com\/index.php\/wp-json\/wp\/v2\/comments?post=1474"}],"version-history":[{"count":7,"href":"https:\/\/en-classe.festivaldemarseille.com\/index.php\/wp-json\/wp\/v2\/pages\/1474\/revisions"}],"predecessor-version":[{"id":1895,"href":"https:\/\/en-classe.festivaldemarseille.com\/index.php\/wp-json\/wp\/v2\/pages\/1474\/revisions\/1895"}],"up":[{"embeddable":true,"href":"https:\/\/en-classe.festivaldemarseille.com\/index.php\/wp-json\/wp\/v2\/pages\/744"}],"wp:attachment":[{"href":"https:\/\/en-classe.festivaldemarseille.com\/index.php\/wp-json\/wp\/v2\/media?parent=1474"}],"curies":[{"name":"wp","href":"https:\/\/api.w.org\/{rel}","templated":true}]}}

<p>[et_pb_section fb_built= »1&Prime; admin_label= »section » _builder_version= »3.22&Prime; global_colors_info= »{} »][et_pb_row _builder_version= »4.14.4&Prime; _module_preset= »default » global_colors_info= »{} »][et_pb_column type= »4_4&Prime; _builder_version= »4.14.4&Prime; _module_preset= »default » global_colors_info= »{} »][et_pb_text _builder_version= »4.14.4&Prime; _module_preset= »default » custom_margin= »||-50px||false|false » global_colors_info= »{} »]</p>
<h1 class="document-title" style="margin: 0px; padding: 0px 0px 20px; border: 0px; font-style: normal; font-variant-ligatures: normal; font-variant-caps: normal; font-variant-numeric: inherit; font-variant-east-asian: inherit; font-weight: bold; font-stretch: inherit; font-size: 74px; line-height: 74px; font-family: Mohave, Arial, serif; vertical-align: baseline; text-transform: uppercase; color: #000000; letter-spacing: normal; orphans: 2; text-indent: 0px; white-space: normal; widows: 2; word-spacing: 0px; -webkit-text-stroke-width: 0px; text-decoration-thickness: initial; text-decoration-style: initial; text-decoration-color: initial; text-align: center;">Ecole Hozier</h1>
<p>[/et_pb_text][/et_pb_column][/et_pb_row][et_pb_row _builder_version= »4.14.4&Prime; _module_preset= »default » background_color= »#FFFFFF » global_colors_info= »{} »][et_pb_column type= »4_4&Prime; _builder_version= »4.14.4&Prime; _module_preset= »default » global_colors_info= »{} »][et_pb_text _builder_version= »4.14.4&Prime; _module_preset= »default » background_color= »gcid-f983eb1b-fbf9-425a-a23e-ad0522245675&Prime; custom_margin= »||-50px||false|false » custom_padding= »1px||||| » global_colors_info= »{%22gcid-f983eb1b-fbf9-425a-a23e-ad0522245675%22:%91%22background_color%22%93} »]</p>
<h4 style="text-align: center;">Atelier du 22 mars</h4>
<p>[/et_pb_text][/et_pb_column][/et_pb_row][et_pb_row _builder_version= »4.14.4&Prime; _module_preset= »default » min_height= »216.9px » custom_padding= »||45px||| » global_colors_info= »{} »][et_pb_column type= »4_4&Prime; _builder_version= »4.14.4&Prime; _module_preset= »default » global_colors_info= »{} »][et_pb_text _builder_version= »4.14.4&Prime; _module_preset= »default » min_height= »181px » custom_margin= »5px||9px||false|false » global_colors_info= »{} »]</p>
<p style="text-align: justify;">Mardi 22 mars, les élèves de CM2 de la classe de Julia Deydier ont participé à un atelier du parcours Clin d&rsquo;œil. On a pu discuter ensemble des définitions du mot festival et de celles de la danse, différentes pour chacune et chacun ! </p>
<p style="text-align: justify;">On a aussi parlé d&rsquo;histoire de la danse et, via un blindtest, (re)découvert de nouveaux styles de danse suivant les pays et les époques. Pour terminer l&rsquo;atelier, on a essayé de reproduire ce qu&rsquo;on avait vu et on a ainsi dansé dans la cour de l&rsquo;école quelques pas de tango, de flamenco, de tecktonik, de danse classique, indienne, orientale&#8230;</p>
<p style="text-align: center;">Rendez-vous au mois de juin pour le spectacle !</p>
<p>[/et_pb_text][et_pb_text _builder_version= »4.14.4&Prime; _module_preset= »default » global_colors_info= »{} »]</p>
<div class="text-content" style="margin: 0px; padding: 0px; border: 0px; font-style: normal; font-variant-ligatures: normal; font-variant-caps: normal; font-variant-numeric: inherit; font-variant-east-asian: inherit; font-weight: 400; font-stretch: inherit; font-size: 16px; line-height: inherit; font-family: Roboto, Arial, sans-serif; vertical-align: baseline; letter-spacing: 0.039em; color: #000000; orphans: 2; text-align: start; text-indent: 0px; text-transform: none; white-space: normal; widows: 2; word-spacing: 0px; -webkit-text-stroke-width: 0px; text-decoration-thickness: initial; text-decoration-style: initial; text-decoration-color: initial;">
<p style="margin: 0px; padding: 0px; border: 0px; font: inherit; vertical-align: baseline;">
</div>
<p>[/et_pb_text][/et_pb_column][/et_pb_row][et_pb_row column_structure= »1_3,1_3,1_3&Prime; _builder_version= »4.14.4&Prime; _module_preset= »default » global_colors_info= »{} »][et_pb_column type= »1_3&Prime; _builder_version= »4.14.4&Prime; _module_preset= »default » global_colors_info= »{} »][et_pb_testimonial author= »Mohamed » quote_icon_color= »#000000&Prime; portrait_width= »119px » _builder_version= »4.14.4&Prime; _module_preset= »default » child_mix_blend_mode= »exclusion » global_colors_info= »{} »]</p>
<p>J’aime la danse parce que les footballeurs, quand ils mettent un but, ils font des pas de danse.</p>
<p>[/et_pb_testimonial][/et_pb_column][et_pb_column type= »1_3&Prime; _builder_version= »4.14.4&Prime; _module_preset= »default » global_colors_info= »{} »][et_pb_testimonial quote_icon_color= »#000000&Prime; portrait_width= »119px » _builder_version= »4.14.4&Prime; _module_preset= »default » child_mix_blend_mode= »exclusion » global_colors_info= »{} »]</p>
<p>Je n’aime pas la danse parce que je préfère le foot et le basket. Je connais que 5 styles de danse : la danse classique, le breakdance, la salsa, le tango et le hip-hop.</p>
<p>[/et_pb_testimonial][/et_pb_column][et_pb_column type= »1_3&Prime; _builder_version= »4.14.4&Prime; _module_preset= »default » global_colors_info= »{} »][et_pb_testimonial author= »Rays » quote_icon_color= »#000000&Prime; portrait_width= »119px » _builder_version= »4.14.4&Prime; _module_preset= »default » max_width= »96% » height= »229px » max_height= »1000px » child_mix_blend_mode= »exclusion » global_colors_info= »{} »]</p>
<p style="text-align: justify;">Pour moi la danse c’est prendre du plaisir, s’amuser, se dépenser. Il y a plusieurs sortes de danses : la valse, le chachacha, le jive, la samba, le tango argentin, la danse classique, la rumba, la salsa, etc…</p>
<p>[/et_pb_testimonial][/et_pb_column][/et_pb_row][et_pb_row _builder_version= »4.14.4&Prime; _module_preset= »default » custom_margin= »102px||||false|false » global_colors_info= »{} »][et_pb_column type= »4_4&Prime; _builder_version= »4.14.4&Prime; _module_preset= »default » global_colors_info= »{} »][et_pb_text _builder_version= »4.14.4&Prime; _module_preset= »default » text_text_color= »#000000&Prime; header_2_font= »||on|on||||| » header_2_font_size= »36px » header_2_letter_spacing= »9px » background_color= »gcid-f983eb1b-fbf9-425a-a23e-ad0522245675&Prime; custom_margin= »-73px||0px||false|false » border_width_all= »2px » border_style_all= »dotted » global_colors_info= »{%22gcid-f983eb1b-fbf9-425a-a23e-ad0522245675%22:%91%22background_color%22%93} »]</p>
<p style="text-align: center;"><strong>Contactez-nous pour plus d&rsquo;informations : rp5(at)festivaldemarseille.com</strong></p>
<p>[/et_pb_text][/et_pb_column][/et_pb_row][/et_pb_section]</p>

<p>Ecole HozierAtelier du 22 marsMardi 22 mars, les élèves de CM2 de la classe de Julia Deydier ont participé à un atelier du parcours Clin d&rsquo;œil. On a pu discuter ensemble des définitions du mot festival et de celles de la danse, différentes pour chacune et chacun !  On a aussi parlé d&rsquo;histoire de la [&hellip;]</p>
